{"id":7804,"date":"2025-12-04T10:55:55","date_gmt":"2025-12-04T13:55:55","guid":{"rendered":"https:\/\/www.estudiotecno.com.ar\/tienda\/?post_type=product&#038;p=7804"},"modified":"2026-04-10T16:08:31","modified_gmt":"2026-04-10T19:08:31","slug":"memoria-microsd-256gb","status":"publish","type":"product","link":"https:\/\/www.estudiotecno.com.ar\/tienda\/producto\/memoria-microsd-256gb\/","title":{"rendered":"Memoria microsd 256GB"},"content":{"rendered":"<p>Siendo la tarjeta SD m\u00e1s peque\u00f1a disponible, la microSD<br \/>\nClase 10 es la opci\u00f3n de almacenamiento expandible<br \/>\nest\u00e1ndar para muchas tablets, tel\u00e9fonos inteligentes<br \/>\ny c\u00e1maras de acci\u00f3n.Marca: Kingston<\/p>\n","protected":false},"excerpt":{"rendered":"<p>Siendo la tarjeta SD m\u00e1s peque\u00f1a disponible, la microSD Clase 10 es la opci\u00f3n de almacenamiento expandible est\u00e1ndar para muchas tablets, tel\u00e9fonos inteligentes y c\u00e1maras de acci\u00f3n.Marca: Kingston<\/p>\n","protected":false},"featured_media":5215,"comment_status":"closed","ping_status":"closed","template":"","meta":{"_acf_changed":false},"product_cat":[374,281,190],"product_tag":[],"acf":[],"aioseo_notices":[],"jetpack_sharing_enabled":true,"_links":{"self":[{"href":"https:\/\/www.estudiotecno.com.ar\/tienda\/wp-json\/wp\/v2\/product\/7804"}],"collection":[{"href":"https:\/\/www.estudiotecno.com.ar\/tienda\/wp-json\/wp\/v2\/product"}],"about":[{"href":"https:\/\/www.estudiotecno.com.ar\/tienda\/wp-json\/wp\/v2\/types\/product"}],"replies":[{"embeddable":true,"href":"https:\/\/www.estudiotecno.com.ar\/tienda\/wp-json\/wp\/v2\/comments?post=7804"}],"wp:featuredmedia":[{"embeddable":true,"href":"https:\/\/www.estudiotecno.com.ar\/tienda\/wp-json\/wp\/v2\/media\/5215"}],"wp:attachment":[{"href":"https:\/\/www.estudiotecno.com.ar\/tienda\/wp-json\/wp\/v2\/media?parent=7804"}],"wp:term":[{"taxonomy":"product_cat","embeddable":true,"href":"https:\/\/www.estudiotecno.com.ar\/tienda\/wp-json\/wp\/v2\/product_cat?post=7804"},{"taxonomy":"product_tag","embeddable":true,"href":"https:\/\/www.estudiotecno.com.ar\/tienda\/wp-json\/wp\/v2\/product_tag?post=7804"}],"curies":[{"name":"wp","href":"https:\/\/api.w.org\/{rel}","templated":true}]}}