{"id":7648,"date":"2025-09-10T14:15:07","date_gmt":"2025-09-10T17:15:07","guid":{"rendered":"https:\/\/www.estudiotecno.com.ar\/tienda\/?post_type=product&#038;p=7648"},"modified":"2026-04-10T16:08:08","modified_gmt":"2026-04-10T19:08:08","slug":"ds-2ce16k0t-lfs2-8mmo-std-camara-hikvision-luz-bullet-5mp-metalica-lente-2-8mm","status":"publish","type":"product","link":"https:\/\/www.estudiotecno.com.ar\/tienda\/producto\/ds-2ce16k0t-lfs2-8mmo-std-camara-hikvision-luz-bullet-5mp-metalica-lente-2-8mm\/","title":{"rendered":"DS-2CE16K0T-LFS(2.8mm)(O-STD) | C\u00c1MARA HIKVISION LUZ BULLET, 5MP, METALICA, LENTE 2.8MM"},"content":{"rendered":"<p data-start=\"95\" data-end=\"464\"><strong data-start=\"95\" data-end=\"105\">C\u00c1MARA<\/strong><br data-start=\"105\" data-end=\"108\" \/><strong data-start=\"108\" data-end=\"128\">SENSOR DE IMAGEN<\/strong>: 3K CMOS<br data-start=\"137\" data-end=\"140\" \/><strong data-start=\"140\" data-end=\"159\">MAX. RESOLUCI\u00d3N<\/strong>: 2960 (H) \u00d7 1665 (V)<br data-start=\"180\" data-end=\"183\" \/><strong data-start=\"183\" data-end=\"205\">ILUMINACI\u00d3N M\u00cdNIMA<\/strong>: 0.01 Lux @ (F2.0, AGC ON), 0 Lux with IR<br data-start=\"247\" data-end=\"250\" \/><strong data-start=\"250\" data-end=\"274\">TIEMPO DE OBTURACI\u00d3N<\/strong>: PAL: 1\/25 s to 1\/50,000 s; NTSC: 1\/30 s to 1\/50,000 s<br data-start=\"329\" data-end=\"332\" \/><strong data-start=\"332\" data-end=\"347\">D\u00cdA Y NOCHE<\/strong>: ICR<br data-start=\"352\" data-end=\"355\" \/><strong data-start=\"355\" data-end=\"375\">AJUSTE DE \u00c1NGULO<\/strong>: Pan: 0 to 360\u00b0, Tilt: 0 to 90\u00b0, Rotation: 0 to 360\u00b0<br data-start=\"428\" data-end=\"431\" \/><strong data-start=\"431\" data-end=\"452\">SE\u00d1AL DEL SISTEMA<\/strong>: PAL\/NTSC<\/p>\n<p data-start=\"466\" data-end=\"719\"><strong data-start=\"466\" data-end=\"475\">LENTE<\/strong><br data-start=\"475\" data-end=\"478\" \/><strong data-start=\"478\" data-end=\"487\">LENTE<\/strong>: 2.8 mm and 3.6 mm fixed focal lens<br data-start=\"523\" data-end=\"526\" \/><strong data-start=\"526\" data-end=\"548\">FOCAL LENGTH &amp; FOV<\/strong>:<br data-start=\"549\" data-end=\"552\" \/>2.8 mm, horizontal FOV: 105\u00b0, vertical FOV: 62\u00b0, diagonal FOV: 132\u00b0<br data-start=\"619\" data-end=\"622\" \/>3.6 mm, horizontal FOV: 92\u00b0, vertical FOV: 48\u00b0, diagonal FOV: 112\u00b0<br data-start=\"688\" data-end=\"691\" \/><strong data-start=\"691\" data-end=\"712\">MONTURA DEL LENTE<\/strong>: M12<\/p>\n<p data-start=\"721\" data-end=\"802\"><strong data-start=\"721\" data-end=\"734\">MICR\u00d3FONO<\/strong><br data-start=\"734\" data-end=\"737\" \/><strong data-start=\"737\" data-end=\"762\">DISTANCIA DE RECOGIDA<\/strong>: In a radius of 5 m<br data-start=\"782\" data-end=\"785\" \/><strong data-start=\"785\" data-end=\"797\">CANTIDAD<\/strong>: 1<\/p>\n<p data-start=\"804\" data-end=\"951\"><strong data-start=\"804\" data-end=\"818\">ILUMINADOR<\/strong><br data-start=\"818\" data-end=\"821\" \/><strong data-start=\"821\" data-end=\"851\">RANGO DE LUZ SUPLEMENTARIA<\/strong>: IR: Up to 30 m \/ White Light: Up to 20 m<br data-start=\"893\" data-end=\"896\" \/><strong data-start=\"896\" data-end=\"925\">TIPO DE LUZ SUPLEMENTARIA<\/strong>: Smart, IR, White Light<\/p>\n<p data-start=\"953\" data-end=\"1355\"><strong data-start=\"953\" data-end=\"963\">IMAGEN<\/strong><br data-start=\"963\" data-end=\"966\" \/><strong data-start=\"966\" data-end=\"993\">CONFIGURACI\u00d3N DE IMAGEN<\/strong>: Brightness, Sharpness, Smart IR<br data-start=\"1026\" data-end=\"1029\" \/><strong data-start=\"1029\" data-end=\"1043\">FRAME RATE<\/strong>:<br data-start=\"1044\" data-end=\"1047\" \/>TVI: 3K @20 fps, 4 MP @25 fps\/30 fps, 1080p @25 fps\/30 fps<br data-start=\"1105\" data-end=\"1108\" \/>AHD: 4 MP @25 fps\/30 fps<br data-start=\"1132\" data-end=\"1135\" \/>CVI: 4 MP @25 fps\/30 fps<br data-start=\"1159\" data-end=\"1162\" \/>CVBS: PAL\/NTSC<br data-start=\"1176\" data-end=\"1179\" \/><strong data-start=\"1179\" data-end=\"1197\">MODO D\u00cdA\/NOCHE<\/strong>: Auto\/Color<br data-start=\"1209\" data-end=\"1212\" \/><strong data-start=\"1212\" data-end=\"1240\">WIDE DYNAMIC RANGE (WDR)<\/strong>: Digital WDR<br data-start=\"1253\" data-end=\"1256\" \/><strong data-start=\"1256\" data-end=\"1279\">MEJORA DE LA IMAGEN<\/strong>: DWDR\/BLC\/HLC\/Global<br data-start=\"1300\" data-end=\"1303\" \/><strong data-start=\"1303\" data-end=\"1325\">BALANCE DE BLANCOS<\/strong>: Auto\/Manual<br data-start=\"1338\" data-end=\"1341\" \/><strong data-start=\"1341\" data-end=\"1348\">AGC<\/strong>: Yes<\/p>\n<p data-start=\"1357\" data-end=\"1422\"><strong data-start=\"1357\" data-end=\"1369\">INTERFAZ<\/strong><br data-start=\"1369\" data-end=\"1372\" \/><strong data-start=\"1372\" data-end=\"1391\">SALIDA DE V\u00cdDEO<\/strong>: Switchable TVI\/AHD\/CVI\/CVBS<\/p>\n<p data-start=\"1424\" data-end=\"1874\"><strong data-start=\"1424\" data-end=\"1435\">GENERAL<\/strong><br data-start=\"1435\" data-end=\"1438\" \/><strong data-start=\"1438\" data-end=\"1450\">MATERIAL<\/strong>: Metal<br data-start=\"1457\" data-end=\"1460\" \/><strong data-start=\"1460\" data-end=\"1473\">DIMENSI\u00d3N<\/strong>: 138.8 mm \u00d7 \u00d870 mm (5.47&#8243; \u00d7 \u00d82.76&#8243;)<br data-start=\"1509\" data-end=\"1512\" \/><strong data-start=\"1512\" data-end=\"1531\">PESO APROXIMADO<\/strong>: Approx. 270 g (0.60 lb.)<br data-start=\"1557\" data-end=\"1560\" \/><strong data-start=\"1560\" data-end=\"1586\">CONDICI\u00d3N DE OPERACI\u00d3N<\/strong>: -40 \u00b0C to 60 \u00b0C (-40 \u00b0F to 140 \u00b0F), humidity: 90% or less (non-condensation)<br data-start=\"1664\" data-end=\"1667\" \/><strong data-start=\"1667\" data-end=\"1683\">COMUNICACI\u00d3N<\/strong>: HIKVISION-C<br data-start=\"1696\" data-end=\"1699\" \/><strong data-start=\"1699\" data-end=\"1709\">IDIOMA<\/strong>: English<br data-start=\"1718\" data-end=\"1721\" \/><strong data-start=\"1721\" data-end=\"1747\">FUENTE DE ALIMENTACI\u00d3N<\/strong>: 12 VDC \u00b1 25%<br data-start=\"1761\" data-end=\"1764\" \/><em data-start=\"1764\" data-end=\"1846\">You are recommended to use one power adapter to supply the power for one camera.<\/em><br data-start=\"1846\" data-end=\"1849\" \/><strong data-start=\"1849\" data-end=\"1860\">CONSUMO<\/strong>: Max. 3.3 W<\/p>\n<p data-start=\"1876\" data-end=\"1918\"><strong data-start=\"1876\" data-end=\"1895\">CERTIFICACIONES<\/strong><br data-start=\"1895\" data-end=\"1898\" \/><strong data-start=\"1898\" data-end=\"1912\">PROTECCI\u00d3N<\/strong>: IP67<\/p>\n","protected":false},"excerpt":{"rendered":"<p><strong data-start=\"95\" data-end=\"105\">C\u00c1MARA<\/strong><br data-start=\"105\" data-end=\"108\" \/><strong data-start=\"108\" data-end=\"128\">SENSOR DE IMAGEN<\/strong>: 3K CMOS<br data-start=\"137\" data-end=\"140\" \/><strong data-start=\"140\" data-end=\"159\">MAX. RESOLUCI\u00d3N<\/strong>: 2960 (H) \u00d7 1665 (V)<br data-start=\"180\" data-end=\"183\" \/><strong data-start=\"183\" data-end=\"205\">ILUMINACI\u00d3N M\u00cdNIMA<\/strong>: 0.01 Lux @ (F2.0, AGC ON), 0 Lux with IR<br data-start=\"247\" data-end=\"250\" \/><strong data-start=\"250\" data-end=\"274\">TIEMPO DE OBTURACI\u00d3N<\/strong>: PAL: 1\/25 s to 1\/50,000 s; NTSC: 1\/30 s to 1\/50,000 s<br data-start=\"329\" data-end=\"332\" \/><strong data-start=\"332\" data-end=\"347\">D\u00cdA Y NOCHE<\/strong>: ICR<br data-start=\"352\" data-end=\"355\" \/><strong data-start=\"355\" data-end=\"375\">AJUSTE DE \u00c1NGULO<\/strong>: Pan: 0 to 360\u00b0, Tilt: 0 to 90\u00b0, Rotation: 0 to 360\u00b0<br data-start=\"428\" data-end=\"431\" \/><strong data-start=\"431\" data-end=\"452\">SE\u00d1AL DEL SISTEMA<\/strong>: PAL\/NTSC<\/p>\n","protected":false},"featured_media":7641,"comment_status":"closed","ping_status":"closed","template":"","meta":{"_acf_changed":false},"product_cat":[365,304,134,94],"product_tag":[],"acf":[],"aioseo_notices":[],"jetpack_sharing_enabled":true,"_links":{"self":[{"href":"https:\/\/www.estudiotecno.com.ar\/tienda\/wp-json\/wp\/v2\/product\/7648"}],"collection":[{"href":"https:\/\/www.estudiotecno.com.ar\/tienda\/wp-json\/wp\/v2\/product"}],"about":[{"href":"https:\/\/www.estudiotecno.com.ar\/tienda\/wp-json\/wp\/v2\/types\/product"}],"replies":[{"embeddable":true,"href":"https:\/\/www.estudiotecno.com.ar\/tienda\/wp-json\/wp\/v2\/comments?post=7648"}],"wp:featuredmedia":[{"embeddable":true,"href":"https:\/\/www.estudiotecno.com.ar\/tienda\/wp-json\/wp\/v2\/media\/7641"}],"wp:attachment":[{"href":"https:\/\/www.estudiotecno.com.ar\/tienda\/wp-json\/wp\/v2\/media?parent=7648"}],"wp:term":[{"taxonomy":"product_cat","embeddable":true,"href":"https:\/\/www.estudiotecno.com.ar\/tienda\/wp-json\/wp\/v2\/product_cat?post=7648"},{"taxonomy":"product_tag","embeddable":true,"href":"https:\/\/www.estudiotecno.com.ar\/tienda\/wp-json\/wp\/v2\/product_tag?post=7648"}],"curies":[{"name":"wp","href":"https:\/\/api.w.org\/{rel}","templated":true}]}}