{"id":7623,"date":"2025-09-03T16:49:15","date_gmt":"2025-09-03T19:49:15","guid":{"rendered":"https:\/\/www.estudiotecno.com.ar\/tienda\/?post_type=product&#038;p=7623"},"modified":"2026-04-10T16:07:59","modified_gmt":"2026-04-10T19:07:59","slug":"ds-2xs2t41g1-id-4g-camara-solar-4mp-ir-30-mts-lente-4mm-ip67-4g-sd-audio-bidireccional","status":"publish","type":"product","link":"https:\/\/www.estudiotecno.com.ar\/tienda\/producto\/ds-2xs2t41g1-id-4g-camara-solar-4mp-ir-30-mts-lente-4mm-ip67-4g-sd-audio-bidireccional\/","title":{"rendered":"DS-2XS2T41G1-ID\/4G | CAMARA SOLAR 4MP,  IR 30 MTS, LENTE 4MM, IP67, 4G, SD, AUDIO BIDIRECCIONAL."},"content":{"rendered":"<p>4MP Solar-powered Security Camera Setup<br \/>\nHigh quality imaging with 4 MP resolution<br \/>\nStandalone with solar panel and built-in battery<br \/>\nSupport human and vehicle detection<br \/>\nProvide real-time security via built-in two-way audio<br \/>\nWater and dust resistant (IP67)<br \/>\nSupport 4G (LTE-TDD\/LTE-FDD\/TD-SCDMA) communication<\/p>\n<p>C\u00e1mara<br \/>\nSensor de imagen<br \/>\n1\/3&#8243; Progressive Scan CMOS<br \/>\nMax. Resoluci\u00f3n<br \/>\n2560 \u00d7 1440<br \/>\nIluminaci\u00f3n m\u00ednima<br \/>\nB\/W: 0.01 Lux @ (F1.6, AGC ON),B\/W: 0 Lux with IR<br \/>\nTiempo de obturaci\u00f3n<br \/>\n1\/3 s to 1\/100,000 s<br \/>\nD\u00eda y Noche<br \/>\nIR cut filter<br \/>\nAjuste de \u00e1ngulo<br \/>\nSolar panel: tilt: -45\u00b0 to 45\u00b0, rotate:-30\u00b0 to 30\u00b0<br \/>\nLente<br \/>\nLente<br \/>\nFixed focal lens, 4 and 6 mm optional<br \/>\nIris Type<br \/>\nFixed<br \/>\nApertura<br \/>\n4mm: F1.28, 6mm: F1.6<br \/>\nDepth of Field<br \/>\n4 mm: 2.7 m to \u221e<\/p>\n<p>6 mm: 5.9 m to \u221e<\/p>\n<p>Focal Length &#038; FOV<br \/>\n4 mm, Horizontal FOV: 79\u00b0, Vertical FOV: 43\u00b0, Diagonal FOV: 93\u00b0<\/p>\n<p>6 mm, Horizontal FOV: 49\u00b0, Vertical FOV: 26\u00b0, Diagonal FOV: 57\u00b0<\/p>\n<p>Montura del lente<br \/>\nM12<br \/>\nDORI<br \/>\nDORI<br \/>\n4 mm, D: 77 m, O: 30 m, R: 15 m, I: 7 m<\/p>\n<p>6 mm, D: 128 m, O: 50 m, R: 25 m, I: 12 m<\/p>\n<p>Iluminador<br \/>\nTipo de luz suplementaria<br \/>\nIR<br \/>\nRango de luz suplementaria<br \/>\nPerformance mode: up to 30 m, proactive mode: up to 10 m<br \/>\nIR Wavelength<br \/>\n850 nm<br \/>\nLuz de suplemento inteligente<br \/>\nYes<br \/>\nV\u00eddeo<br \/>\nMain stream<br \/>\n50 Hz: 12.5 fps (2560 \u00d7 1440, 1920 \u00d7 1080, 1280 \u00d7 720)<\/p>\n<p>60 Hz: 15 fps (2560 \u00d7 1440, 1920 \u00d7 1080, 1280 \u00d7 720)<\/p>\n<p>Sub-stream<br \/>\n50 Hz: 12.5 fps (1280 \u00d7 720, 640 \u00d7 480, 640 \u00d7 360)<\/p>\n<p>60 Hz: 15 fps (1280 \u00d7 720, 640 \u00d7 480, 640 \u00d7 360)<\/p>\n<p>Compresi\u00f3n de video<br \/>\nMain stream: H.265\/ H.264,<\/p>\n<p>Sub-stream: H.265\/H.264\/MJPEG,<\/p>\n<p>H.264+ and H.265+: main stream supports under performance mode<\/p>\n<p>V\u00eddeo bitrate<br \/>\n32 Kbps to 8 Mbps<br \/>\nTipo H.264<br \/>\nBaseline Profile,Main Profile,High Profile<br \/>\nTipo H.265<br \/>\nMain Profile<br \/>\nBit Rate Control<br \/>\nCBR,VBR<br \/>\nRegi\u00f3n de inter\u00e9s (ROI)<br \/>\n1 fixed region for main stream<br \/>\nCodificaci\u00f3n de video escalable (SVC)<br \/>\nH.264 and H.265 encoding<br \/>\nAudio<br \/>\nFrecuencia de muestreo de audio<br \/>\n8 kHz\/16 kHz<br \/>\nFiltro de ruido ambiental<br \/>\nYes<br \/>\nCompresi\u00f3n de audio<br \/>\nG.711ulaw\/G.711alaw\/G.722.1\/G.726\/MP2L2\/PCM\/AAC-LC<br \/>\nVelocidad de bits de audio<br \/>\n64 Kbps (G.711ulaw\/G.711alaw)\/16 Kbps (G.722.1)\/16 Kbps (G.726)\/32 to 192 Kbps (MP2L2)\/8 to 320 Kbps (MP3)\/16 to 64 Kbps (AAC-LC)<br \/>\nRed<br \/>\nAPI<br \/>\nISAPI,SDK,ISUP,OTAP<br \/>\nSeguridad<br \/>\nPassword protection, complicated password, basic and digest authentication for HTTP, TLS 1.1\/1.2\/1.3<br \/>\nVista en vivo simult\u00e1nea<br \/>\nUp to 6 channels<br \/>\nProtocolos<br \/>\nTCP\/IP, ICMP, HTTP, DHCP, DNS, RTP, RTSP, RTCP, NTP, IGMP, QoS, UDP<br \/>\nUsuario\/operador<br \/>\nUp to 32 users<\/p>\n<p>3 user levels: administrator, operator, and user<\/p>\n<p>Almacenamiento en red<br \/>\nAuto Network Replenishment (ANR)<br \/>\nCliente<br \/>\niVMS-4200,Hik-Connect,Hik-Central<br \/>\nNavegador web<br \/>\nPlug-in required live view: IE 10, IE 11,<\/p>\n<p>Plug-in free live view: Chrome 57.0+, Firefox 52.0+,<\/p>\n<p>Local service: Chrome 57.0+, Firefox 52.0+<\/p>\n<p>Mobile Communication<br \/>\nSIM Card Type<br \/>\nMicro SIM<br \/>\nUplink and Downlink Data Rate<br \/>\nCat 4, uplink: 50 Mbps, downlink: 150 Mbps<br \/>\nFrecuencia<br \/>\nEU:<\/p>\n<p>LTE-TDD: B38\/B40\/B41<\/p>\n<p>LTE-FDD: B1\/B3\/B5\/B7\/B8\/B20\/B28<\/p>\n<p>WCDMA: B1\/B5\/B8<\/p>\n<p>GSM: B3\/B5\/B8<\/p>\n<p>LA:<\/p>\n<p>LTE-TDD: B38\/B40<\/p>\n<p>LTE-FDD: B1\/B2\/B3\/B4\/B5\/B7\/B8\/B12\/B17\/B28\/B66<\/p>\n<p>WCDMA:B1\/B2\/B3\/B4\/B5\/B8<\/p>\n<p>GSM: B2\/B3\/B5\/B8<\/p>\n<p>Est\u00e1ndar<br \/>\nLTE-TDD,LTE-FDD,WCDMA,GSM<br \/>\nImagen<br \/>\nSNR<br \/>\n\u2265 52 dB<br \/>\nWide Dynamic Range (WDR)<br \/>\nDigital WDR<br \/>\nInterruptor d\u00eda\/noche<br \/>\nDay,Night,Auto,Schedule<br \/>\nMejora de la imagen<br \/>\nBLC,HLC,3D DNR<br \/>\nConfiguraci\u00f3n de imagen<br \/>\nSaturation,brightness,contrast,sharpness,gain,white balance,adjustable by client software or web browser<br \/>\nTransducer<br \/>\nTransducer Type<br \/>\nPIR + Radar<br \/>\nDetection Angle<br \/>\n4 mm : Horizontal: 80\u00b0, vertical: 42\u00b0,6 mm\uff1aHorizontal: 50\u00b0, vertical: 22\u00b0<br \/>\nRango de detecci\u00f3n<br \/>\nUp to 12 m<br \/>\nInterfaz<br \/>\nEthernet Interface<br \/>\n1 RJ45 10 M\/100 M self-adaptive Ethernet port<br \/>\nOn-Board Storage<br \/>\nBuilt-in eMMC storage, up to 8 GB,<\/p>\n<p>Built-in memory card slot, support microSD\/microSDHC\/microSDXC card, up to 256 GB,For eMMC storage, 5 GB is available for recording.<\/p>\n<p>Micr\u00f3fono incorporado<br \/>\nYes<br \/>\nAltavoz incorporado<br \/>\nYes<br \/>\nReset Key<br \/>\nYes<br \/>\nEvento<br \/>\nEvento B\u00e1sico<br \/>\nMotion detection,video tampering alarm,network disconnected,IP address conflict,illegal login,HDD full,HDD error<br \/>\nLinkage<br \/>\nUpload to memory card,notify surveillance center,trigger recording,trigger capture,audible warning<\/p>\n<p>General<br \/>\nalimentaci\u00f3n<br \/>\nPower Consumption and Current:<\/p>\n<p>Typical power scenarios: 1.85 W (4G working)<\/p>\n<p>Standby scenarios: 80 mW<\/p>\n<p>Max. power consumption: 7 W<\/p>\n<p>Power Supply:<\/p>\n<p>12 VDC<\/p>\n<p>*For debugging only<\/p>\n<p>6.5 W (deviation: \u00b1 1 W) Solar panels<\/p>\n<p>Power Interface:<\/p>\n<p>Power supply interface: \u00d85.5 mm coaxial power plug<\/p>\n<p>Extened solar panel: \u00d85.5 mm coaxial power plug<\/p>\n<p>Material<br \/>\nPlastic<br \/>\nCondiciones de almacenaje<br \/>\n0 \u00b0C to 50 \u00b0C (32 \u00b0F to 122 \u00b0F). Humidity 95% or less (non-condensing)<br \/>\nIdioma<br \/>\nEnglish, Ukranian<br \/>\nFunci\u00f3n general<br \/>\nHeartbeat,mirror,flash log<br \/>\nCondiciones de inicio y funcionamiento<br \/>\n0 \u00b0C to 50 \u00b0C (32 \u00b0F to 122 \u00b0F). Humidity 95% or less (non-condensing)<br \/>\nDimensi\u00f3n<br \/>\n213.7 mm \u00d7 292.4 mm \u00d7 188.7 mm (8.4&#8243; \u00d7 11.5&#8243; \u00d7 7.3&#8243;)<br \/>\nDimensi\u00f3n del paquete<br \/>\n345 mm \u00d7 240 mm \u00d7 292 mm (13.6&#8243; \u00d7 9.4&#8243; \u00d7 11.5&#8243;)<br \/>\nApprox. 1.42 kg (3.1 lb.)<\/p>\n<p>Con peso del paquete<br \/>\nApprox. 2.07 kg (4.6 lb.)<\/p>\n<p>bater\u00eda<br \/>\nTipo de bater\u00eda<br \/>\nTernary Lithium<br \/>\nCapacidad<br \/>\n51.46 Wh<br \/>\nMax. Voltaje de carga<br \/>\n12.6 V<br \/>\nTemperatura de funcionamiento<br \/>\nCharging: 0 \u00b0C to 45 \u00b0C (32 \u00b0F to 113 \u00b0F)<\/p>\n<p>Discharging: -20 \u00b0C to 50 \u00b0C (-4 \u00b0F to 122 \u00b0F)<\/p>\n<p>Voltaje de la bater\u00eda<br \/>\n8.1 V to 12.6 V<br \/>\nVida de bater\u00eda<br \/>\nMore than 800 cycles<br \/>\nCiclo de vida<br \/>\nStandby mode: 11 days<\/p>\n<p>Battery Weight<br \/>\nApprox. 185 g (0.4 lb.)<br \/>\nCertificaciones<br \/>\nEMC<br \/>\nCE-EMC: EN 55032: 2015, EN 61000-3-2:2019, EN 61000-3-3: 2013+A1:2019, EN 50130-4: 2011 +A1: 2014,<\/p>\n<p>RCM: AS\/NZS CISPR 32: 2015,<\/p>\n<p>*CE and RCM certifications are only for the device sold in the European region.<\/p>\n<p>RF<br \/>\nCE-RED: EN 301489-1 V2.1.1 (BT or 2.4G), EN 301489-17 V3.1.1 (BT or 2.4G), EN 300328 V2.1.1 (BT or 2.4G), EN 62311: 2008 (BT or 2.4G)<\/p>\n<p>*CE certification is only for the device sold in the European region.<\/p>\n<p>Seguridad<br \/>\nCB: IEC 62368-1: 2014+A11,<\/p>\n<p>CE-LVD: EN 62368-1: 2014\/A11: 2017,<\/p>\n<p>LOA: IEC\/EN 60950-1,<\/p>\n<p>*CE and LOA certifications are only for the device sold in the European region.<\/p>\n<p>Ambiente<br \/>\nCE-RoHS: 2011\/65\/EU,<\/p>\n<p>WEEE: 2012\/19\/EU,<\/p>\n<p>Reach: Regulation (EC) No 1907\/2006,<\/p>\n<p>*CE certification is only for the device sold in the European region.<\/p>\n<p>Protecci\u00f3n<br \/>\nIP67: IEC 60529-2013<\/p>\n","protected":false},"excerpt":{"rendered":"<p>4MP Solar-powered Security Camera Setup<br \/>\nHigh quality imaging with 4 MP resolution<br \/>\nStandalone with solar panel and built-in battery<br \/>\nSupport human and vehicle detection<br \/>\nProvide real-time security via built-in two-way audio<br \/>\nWater and dust resistant (IP67)<br \/>\nSupport 4G (LTE-TDD\/LTE-FDD\/TD-SCDMA) communication<\/p>\n","protected":false},"featured_media":7626,"comment_status":"closed","ping_status":"closed","template":"","meta":{"_acf_changed":false},"product_cat":[299,364,134],"product_tag":[],"acf":[],"aioseo_notices":[],"jetpack_sharing_enabled":true,"_links":{"self":[{"href":"https:\/\/www.estudiotecno.com.ar\/tienda\/wp-json\/wp\/v2\/product\/7623"}],"collection":[{"href":"https:\/\/www.estudiotecno.com.ar\/tienda\/wp-json\/wp\/v2\/product"}],"about":[{"href":"https:\/\/www.estudiotecno.com.ar\/tienda\/wp-json\/wp\/v2\/types\/product"}],"replies":[{"embeddable":true,"href":"https:\/\/www.estudiotecno.com.ar\/tienda\/wp-json\/wp\/v2\/comments?post=7623"}],"wp:featuredmedia":[{"embeddable":true,"href":"https:\/\/www.estudiotecno.com.ar\/tienda\/wp-json\/wp\/v2\/media\/7626"}],"wp:attachment":[{"href":"https:\/\/www.estudiotecno.com.ar\/tienda\/wp-json\/wp\/v2\/media?parent=7623"}],"wp:term":[{"taxonomy":"product_cat","embeddable":true,"href":"https:\/\/www.estudiotecno.com.ar\/tienda\/wp-json\/wp\/v2\/product_cat?post=7623"},{"taxonomy":"product_tag","embeddable":true,"href":"https:\/\/www.estudiotecno.com.ar\/tienda\/wp-json\/wp\/v2\/product_tag?post=7623"}],"curies":[{"name":"wp","href":"https:\/\/api.w.org\/{rel}","templated":true}]}}