{"id":5451,"date":"2023-08-25T17:51:12","date_gmt":"2023-08-25T20:51:12","guid":{"rendered":"https:\/\/www.estudiotecno.com.ar\/tienda\/?post_type=product&#038;p=5451"},"modified":"2025-09-03T13:03:22","modified_gmt":"2025-09-03T16:03:22","slug":"central-de-alarma-4-zonas-x-28-n4-mpxh-nuevo","status":"publish","type":"product","link":"https:\/\/www.estudiotecno.com.ar\/tienda\/producto\/central-de-alarma-4-zonas-x-28-n4-mpxh-nuevo\/","title":{"rendered":"Central de alarma (4 zonas) X-28 N4-MPXH (NUEVO)"},"content":{"rendered":"<p>Central 4 zonas ampliable a 32 (8 particiones de 4 zonas). Incluye z\u00f3calos para m\u00f3dulos plug In de particiones, de RF y de equipos de comunicaci\u00f3n. Multic\u00f3digo desde 30 a 240 usuarios. Registrador de eventos desde 512 y hasta 4096 eventos.<\/p>\n","protected":false},"excerpt":{"rendered":"<p>Central 4 zonas ampliable a 32 (8 particiones de 4 zonas). Incluye z\u00f3calos para m\u00f3dulos plug In de particiones, de RF y de equipos de comunicaci\u00f3n. Multic\u00f3digo desde 30 a 240 usuarios. Registrador de eventos desde 512 y hasta 4096 eventos.<\/p>\n","protected":false},"featured_media":5190,"comment_status":"closed","ping_status":"closed","template":"","meta":{"_acf_changed":false},"product_cat":[313,94,252],"product_tag":[],"acf":[],"aioseo_notices":[],"jetpack_sharing_enabled":true,"_links":{"self":[{"href":"https:\/\/www.estudiotecno.com.ar\/tienda\/wp-json\/wp\/v2\/product\/5451"}],"collection":[{"href":"https:\/\/www.estudiotecno.com.ar\/tienda\/wp-json\/wp\/v2\/product"}],"about":[{"href":"https:\/\/www.estudiotecno.com.ar\/tienda\/wp-json\/wp\/v2\/types\/product"}],"replies":[{"embeddable":true,"href":"https:\/\/www.estudiotecno.com.ar\/tienda\/wp-json\/wp\/v2\/comments?post=5451"}],"wp:featuredmedia":[{"embeddable":true,"href":"https:\/\/www.estudiotecno.com.ar\/tienda\/wp-json\/wp\/v2\/media\/5190"}],"wp:attachment":[{"href":"https:\/\/www.estudiotecno.com.ar\/tienda\/wp-json\/wp\/v2\/media?parent=5451"}],"wp:term":[{"taxonomy":"product_cat","embeddable":true,"href":"https:\/\/www.estudiotecno.com.ar\/tienda\/wp-json\/wp\/v2\/product_cat?post=5451"},{"taxonomy":"product_tag","embeddable":true,"href":"https:\/\/www.estudiotecno.com.ar\/tienda\/wp-json\/wp\/v2\/product_tag?post=5451"}],"curies":[{"name":"wp","href":"https:\/\/api.w.org\/{rel}","templated":true}]}}