{"id":4727,"date":"2022-09-29T09:31:02","date_gmt":"2022-09-29T12:31:02","guid":{"rendered":"https:\/\/www.estudiotecno.com.ar\/tienda\/?post_type=product&#038;p=4727"},"modified":"2025-09-03T13:03:35","modified_gmt":"2025-09-03T16:03:35","slug":"cs-cmt-solar-panel-c-panel-solar-de-carga-ezviz","status":"publish","type":"product","link":"https:\/\/www.estudiotecno.com.ar\/tienda\/producto\/cs-cmt-solar-panel-c-panel-solar-de-carga-ezviz\/","title":{"rendered":"CS-CMT-Solar Panel-C | PANEL SOLAR DE CARGA EZVIZ"},"content":{"rendered":"","protected":false},"excerpt":{"rendered":"<h3>Descripci\u00f3n<\/h3>\n<p>PANEL SOLAR DE CARGA EZVIZ, IP 65. TEMPERATURA DE FUNCIONAMIENTO -20 \u00b0C a 60 \u00b0C (-4 \u00b0F a 140 \u00b0F ) Y HUMEDAD DEL 90% O INFERIOR (SIN CONDENSACION) TAMA\u00d1O 292,3 \u00d7 194,3 \u00d7 6,3 mm<\/p>\n<h3>Soporte<\/h3>\n<p>1 A\u00d1OS DE GARANT\u00cdA en todos los productos EZVIZ, ofrecida por el fabricante, contra defectos de fabricaci\u00f3n y\/o vicios del material que afecten al normal funcionamiento del mismo.<\/p>\n","protected":false},"featured_media":4728,"comment_status":"closed","ping_status":"closed","template":"","meta":{"_acf_changed":false},"product_cat":[299],"product_tag":[],"acf":[],"aioseo_notices":[],"jetpack_sharing_enabled":true,"_links":{"self":[{"href":"https:\/\/www.estudiotecno.com.ar\/tienda\/wp-json\/wp\/v2\/product\/4727"}],"collection":[{"href":"https:\/\/www.estudiotecno.com.ar\/tienda\/wp-json\/wp\/v2\/product"}],"about":[{"href":"https:\/\/www.estudiotecno.com.ar\/tienda\/wp-json\/wp\/v2\/types\/product"}],"replies":[{"embeddable":true,"href":"https:\/\/www.estudiotecno.com.ar\/tienda\/wp-json\/wp\/v2\/comments?post=4727"}],"wp:featuredmedia":[{"embeddable":true,"href":"https:\/\/www.estudiotecno.com.ar\/tienda\/wp-json\/wp\/v2\/media\/4728"}],"wp:attachment":[{"href":"https:\/\/www.estudiotecno.com.ar\/tienda\/wp-json\/wp\/v2\/media?parent=4727"}],"wp:term":[{"taxonomy":"product_cat","embeddable":true,"href":"https:\/\/www.estudiotecno.com.ar\/tienda\/wp-json\/wp\/v2\/product_cat?post=4727"},{"taxonomy":"product_tag","embeddable":true,"href":"https:\/\/www.estudiotecno.com.ar\/tienda\/wp-json\/wp\/v2\/product_tag?post=4727"}],"curies":[{"name":"wp","href":"https:\/\/api.w.org\/{rel}","templated":true}]}}