{"id":4687,"date":"2022-09-21T12:34:57","date_gmt":"2022-09-21T15:34:57","guid":{"rendered":"https:\/\/www.estudiotecno.com.ar\/tienda\/?post_type=product&#038;p=4687"},"modified":"2024-02-24T09:36:21","modified_gmt":"2024-02-24T12:36:21","slug":"ds-pdsmk-s-wb-detector-de-humo-hikvision-inalambrico-de-2-vias-para-axpro","status":"publish","type":"product","link":"https:\/\/www.estudiotecno.com.ar\/tienda\/producto\/ds-pdsmk-s-wb-detector-de-humo-hikvision-inalambrico-de-2-vias-para-axpro\/","title":{"rendered":"DS-PDSMK-S-WB | Detector de humo Hikvision inal\u00e1mbrico de 2 vias para AXPRO."},"content":{"rendered":"<p>DETECTOR DE HUMO HIKVISION, TECNOLOG\u00cdA INAL\u00c1MBRICA DE 2 V\u00cdAS, FUENTE DE ALIMENTACI\u00d3N CR17450A DE 3 V DURANTE 10 A\u00d1OS<\/p>\n<p>Caracter\u00edsticas<br \/>\nIndicador de temperatura ambiente: Soporta<br \/>\nIndicador de intensidad de la se\u00f1al: Soporta<\/p>\n<p>&#8211; Interfaz<br \/>\nInterruptor de alimentacion: Inscripci\u00f3n de Power Up<br \/>\nIndicador LED: Rojo (Alarma)<br \/>\nZumbador: 85dB @ 3m<\/p>\n<p>&#8211; Transmisi\u00f3n<br \/>\nM\u00e9todo de transmisi\u00f3n: Inal\u00e1mbrico RF bidireccional<br \/>\nfrecuencia de transmision: 433MHz<br \/>\nSeguridad de transmisi\u00f3n: Cifrado AES-128<br \/>\nRango de transmisi\u00f3n (espacio libre): 800m<br \/>\nM\u00e9todo de inscripci\u00f3n: Encendido; ID remota; C\u00f3digo QR<\/p>\n<p>&#8211; Caracter\u00edsticas electricas<br \/>\nDuraci\u00f3n est\u00e1ndar de la bater\u00eda: 10 a\u00f1os en estado de espera est\u00e1ndar<br \/>\nfuente de alimentacion: Bateria cargada<br \/>\nTipo de bateria: CR17450 no reemplazable x 1<br \/>\nVoltaje t\u00edpico: 3V<\/p>\n<p>&#8211; General<br \/>\nTemperatura de operacion: -10 \u00baC a 60 \u00baC<br \/>\nTemperatura de almacenamiento: -20 \u00baC a 60 \u00baC<br \/>\nOperaci\u00f3n Humedad: 10% a 90%<br \/>\nDimensi\u00f3n (Ancho x Alto x Profundidad): 102 \u00d7 35 mm<br \/>\n125g<br \/>\nM\u00e9todo de montaje: Techo<br \/>\nEscenarios de aplicaci\u00f3n: Interior<\/p>\n<p>Soporte<br \/>\n2 A\u00d1OS DE GARANT\u00cdA en todos los productos Hikvision, ofrecida por el fabricante, contra defectos de fabricaci\u00f3n y\/o vicios del material que afecten al normal funcionamiento del mismo.<\/p>\n<p>&nbsp;<\/p>\n","protected":false},"excerpt":{"rendered":"<p>DETECTOR DE HUMO HIKVISION, TECNOLOG\u00cdA INAL\u00c1MBRICA DE 2 V\u00cdAS, FUENTE DE ALIMENTACI\u00d3N CR17450A DE 3 V DURANTE 10 A\u00d1OS Caracter\u00edsticas Indicador de temperatura ambiente: Soporta Indicador de intensidad de la se\u00f1al: Soporta &#8211; Interfaz Interruptor de alimentacion: Inscripci\u00f3n de Power Up Indicador LED: Rojo (Alarma) Zumbador: 85dB @ 3m &#8211; Transmisi\u00f3n M\u00e9todo de transmisi\u00f3n: Inal\u00e1mbrico [&hellip;]<\/p>\n","protected":false},"featured_media":5283,"comment_status":"closed","ping_status":"closed","template":"","meta":{"_acf_changed":false},"product_cat":[134,348],"product_tag":[],"acf":[],"aioseo_notices":[],"jetpack_sharing_enabled":true,"_links":{"self":[{"href":"https:\/\/www.estudiotecno.com.ar\/tienda\/wp-json\/wp\/v2\/product\/4687"}],"collection":[{"href":"https:\/\/www.estudiotecno.com.ar\/tienda\/wp-json\/wp\/v2\/product"}],"about":[{"href":"https:\/\/www.estudiotecno.com.ar\/tienda\/wp-json\/wp\/v2\/types\/product"}],"replies":[{"embeddable":true,"href":"https:\/\/www.estudiotecno.com.ar\/tienda\/wp-json\/wp\/v2\/comments?post=4687"}],"wp:featuredmedia":[{"embeddable":true,"href":"https:\/\/www.estudiotecno.com.ar\/tienda\/wp-json\/wp\/v2\/media\/5283"}],"wp:attachment":[{"href":"https:\/\/www.estudiotecno.com.ar\/tienda\/wp-json\/wp\/v2\/media?parent=4687"}],"wp:term":[{"taxonomy":"product_cat","embeddable":true,"href":"https:\/\/www.estudiotecno.com.ar\/tienda\/wp-json\/wp\/v2\/product_cat?post=4687"},{"taxonomy":"product_tag","embeddable":true,"href":"https:\/\/www.estudiotecno.com.ar\/tienda\/wp-json\/wp\/v2\/product_tag?post=4687"}],"curies":[{"name":"wp","href":"https:\/\/api.w.org\/{rel}","templated":true}]}}