{"id":4681,"date":"2022-09-21T12:33:00","date_gmt":"2022-09-21T15:33:00","guid":{"rendered":"https:\/\/www.estudiotecno.com.ar\/tienda\/?post_type=product&#038;p=4681"},"modified":"2024-02-24T09:35:54","modified_gmt":"2024-02-24T12:35:54","slug":"ds-pd1-smk-w-detector-de-humo-hikvision-inalambrico","status":"publish","type":"product","link":"https:\/\/www.estudiotecno.com.ar\/tienda\/producto\/ds-pd1-smk-w-detector-de-humo-hikvision-inalambrico\/","title":{"rendered":"DS-PD1-SMK-W | Detector de humo Hikvision inal\u00e1mbrico para AXHUB"},"content":{"rendered":"<p>DETECTOR DE HUMO HIKVISION, TECNOLOG\u00cdA INAL\u00c1MBRICA DE 2 V\u00cdAS, FUENTE DE ALIMENTACI\u00d3N CR123A DE 3 V PARA AXHUB<\/p>\n<p>Caracter\u00edsticas<br \/>\n&#8211; Funci\u00f3n de prevenci\u00f3n de colisi\u00f3n de datos inal\u00e1mbrica.<br \/>\n&#8211; Tecnolog\u00eda inal\u00e1mbrica de dos v\u00edas.<br \/>\n&#8211; Distancia: 800m (\u00e1rea abierta).<br \/>\n&#8211; Cifrado AES-128.<br \/>\n&#8211; Frecuencia de comunicaci\u00f3n: 433 MHz.<br \/>\n&#8211; Bater\u00eda CR123A 3 V DC. Duraci\u00f3n de bater\u00eda: 5 a\u00f1os.<\/p>\n<p>Soporte<br \/>\n2 A\u00d1OS DE GARANT\u00cdA en todos los productos Hikvision, ofrecida por el fabricante, contra defectos de fabricaci\u00f3n y\/o vicios del material que afecten al normal funcionamiento del mismo.<\/p>\n<p>&nbsp;<\/p>\n","protected":false},"excerpt":{"rendered":"<p>DETECTOR DE HUMO HIKVISION, TECNOLOG\u00cdA INAL\u00c1MBRICA DE 2 V\u00cdAS, FUENTE DE ALIMENTACI\u00d3N CR123A DE 3 V PARA AXHUB Caracter\u00edsticas &#8211; Funci\u00f3n de prevenci\u00f3n de colisi\u00f3n de datos inal\u00e1mbrica. &#8211; Tecnolog\u00eda inal\u00e1mbrica de dos v\u00edas. &#8211; Distancia: 800m (\u00e1rea abierta). &#8211; Cifrado AES-128. &#8211; Frecuencia de comunicaci\u00f3n: 433 MHz. &#8211; Bater\u00eda CR123A 3 V DC. Duraci\u00f3n [&hellip;]<\/p>\n","protected":false},"featured_media":5282,"comment_status":"closed","ping_status":"closed","template":"","meta":{"_acf_changed":false},"product_cat":[134,348],"product_tag":[],"acf":[],"aioseo_notices":[],"jetpack_sharing_enabled":true,"_links":{"self":[{"href":"https:\/\/www.estudiotecno.com.ar\/tienda\/wp-json\/wp\/v2\/product\/4681"}],"collection":[{"href":"https:\/\/www.estudiotecno.com.ar\/tienda\/wp-json\/wp\/v2\/product"}],"about":[{"href":"https:\/\/www.estudiotecno.com.ar\/tienda\/wp-json\/wp\/v2\/types\/product"}],"replies":[{"embeddable":true,"href":"https:\/\/www.estudiotecno.com.ar\/tienda\/wp-json\/wp\/v2\/comments?post=4681"}],"wp:featuredmedia":[{"embeddable":true,"href":"https:\/\/www.estudiotecno.com.ar\/tienda\/wp-json\/wp\/v2\/media\/5282"}],"wp:attachment":[{"href":"https:\/\/www.estudiotecno.com.ar\/tienda\/wp-json\/wp\/v2\/media?parent=4681"}],"wp:term":[{"taxonomy":"product_cat","embeddable":true,"href":"https:\/\/www.estudiotecno.com.ar\/tienda\/wp-json\/wp\/v2\/product_cat?post=4681"},{"taxonomy":"product_tag","embeddable":true,"href":"https:\/\/www.estudiotecno.com.ar\/tienda\/wp-json\/wp\/v2\/product_tag?post=4681"}],"curies":[{"name":"wp","href":"https:\/\/api.w.org\/{rel}","templated":true}]}}