{"id":4543,"date":"2022-08-01T18:01:10","date_gmt":"2022-08-01T21:01:10","guid":{"rendered":"https:\/\/www.estudiotecno.com.ar\/tienda\/?post_type=product&#038;p=4543"},"modified":"2025-12-05T16:28:00","modified_gmt":"2025-12-05T19:28:00","slug":"ds-kis203t-video-portero-y-pantalla-analogica-a-prueba-de-agua","status":"publish","type":"product","link":"https:\/\/www.estudiotecno.com.ar\/tienda\/producto\/ds-kis203t-video-portero-y-pantalla-analogica-a-prueba-de-agua\/","title":{"rendered":"DS-KIS203T | Video portero y pantalla analogica a prueba de agua"},"content":{"rendered":"<h3>Descripci\u00f3n<\/h3>\n<p class=\"separador\"><span style=\"font-family: Arial, Verdana;\">Video portero y pantalla analogica a prueba de agua.Video Portero: Resolucion1920x1080 metalico..Pantalla: Resolucion 800&#215;480. Incluye DS-KB2421T-IM y DS-KH2220<\/span><\/p>\n<p>&nbsp;<\/p>\n<h3>Caracter\u00edsticas<\/h3>\n<div>Video Door Phone Model DS-KIS202<\/div>\n<div><\/div>\n<div>Door Station (DS-KB2421-IM )<\/div>\n<div><\/div>\n<p>Video Parameters.<\/p>\n<div>&#8211; Camera: 1\/4&#8243; CMOS<\/div>\n<div>&#8211; Resolution: 720 \u00d7 576<\/div>\n<div>&#8211; Video frame rate: PAL: 25 fps<\/div>\n<div>Audio parameters:<\/div>\n<div>&#8211; Audio input: Built-in Omnidirectional Microphone<\/div>\n<div>&#8211; Audio output: Built-in Loudspeaker<\/div>\n<div>&#8211; Audio quality: Noise Suppression and Echo Cancellation<\/div>\n<div>Light supplement:<\/div>\n<div>&#8211; Light supplement mode: Photosensitive IR Supplement, IR Range: 2 Meters<\/div>\n<div>Device interfaces:<\/div>\n<div>&#8211; Four-wire interface: 1 Four-Wire Interface (1-ch Video Input, 1-ch Audio Input\/Output, 1-ch Power Supply, 1-ch Grounding)<\/div>\n<div>&#8211; IO output: 1 Relay Output<\/div>\n<div>General:<\/div>\n<div>&#8211; Material:\u00a0Zinc Alloy<\/div>\n<div>&#8211; Power consumption: Max. 5W<\/div>\n<div>&#8211; Working temperature: -30\u00b0 C to +70\u00b0 C (-22\u00b0 F to 158\u00b0 F)<\/div>\n<div>&#8211; Working humidity: 10% to 90%<\/div>\n<div>&#8211; Dimension (L x W x H):\u00a0145 mm \u00d7 49.2 mm \u00d7 26.45 mm (5.7&#8243; \u00d7 1.9&#8243; \u00d7 1.0&#8243;)<\/div>\n<div><\/div>\n<div>Indoor Station (DS-KH2220)<\/div>\n<div><\/div>\n<div>Display parameters<\/div>\n<div>&#8211; Display screen: 7-Inch Colorful TFT LCD<\/div>\n<div>&#8211; Display resolution: 800 \u00d7 480<\/div>\n<div>&#8211; Operation method: Physical Button<\/div>\n<div>Audio parameters<\/div>\n<div>&#8211; Audio input: Built-in Omnidirectional Microphone<\/div>\n<div>&#8211; Audio output: Built-in Loudspeaker<\/div>\n<div>&#8211; Audio quality: Noise Suppression and Echo Cancellation<\/div>\n<div>Device interfaces<\/div>\n<div>&#8211; Four-wire interface: 4 Four-Wire Interfaces 1-ch Video Input, 1-ch Audio Input\/Output, 1-ch Power Supply, 1-ch Grounding<\/div>\n<div>General<\/div>\n<div>&#8211; Power supply: 12 VDC<\/div>\n<div>&#8211; Power consumption: \u22645 W<\/div>\n<div>&#8211; Working temperature -10\u00b0 C to + 55\u00b0 C (14\u00b0 F to 131\u00b0 F)<\/div>\n<div>&#8211; Working humidity 10% to 90%<\/div>\n<div>&#8211; Dimension (L x W x H) 195.8 mm \u00d7 132.8 mm \u00d7 18.39 mm (7.7&#8243; \u00d7 5.2&#8243; \u00d70.7&#8243;)<\/div>\n","protected":false},"excerpt":{"rendered":"<p>Descripci\u00f3n Video portero y pantalla analogica a prueba de agua.Video Portero: Resolucion1920x1080 metalico..Pantalla: Resolucion 800&#215;480. Incluye DS-KB2421T-IM y DS-KH2220 &nbsp; Caracter\u00edsticas Video Door Phone Model DS-KIS202 Door Station (DS-KB2421-IM ) Video Parameters. &#8211; Camera: 1\/4&#8243; CMOS &#8211; Resolution: 720 \u00d7 576 &#8211; Video frame rate: PAL: 25 fps Audio parameters: &#8211; Audio input: Built-in Omnidirectional [&hellip;]<\/p>\n","protected":false},"featured_media":5254,"comment_status":"closed","ping_status":"closed","template":"","meta":{"_acf_changed":false},"product_cat":[312,134,390],"product_tag":[],"acf":[],"aioseo_notices":[],"jetpack_sharing_enabled":true,"_links":{"self":[{"href":"https:\/\/www.estudiotecno.com.ar\/tienda\/wp-json\/wp\/v2\/product\/4543"}],"collection":[{"href":"https:\/\/www.estudiotecno.com.ar\/tienda\/wp-json\/wp\/v2\/product"}],"about":[{"href":"https:\/\/www.estudiotecno.com.ar\/tienda\/wp-json\/wp\/v2\/types\/product"}],"replies":[{"embeddable":true,"href":"https:\/\/www.estudiotecno.com.ar\/tienda\/wp-json\/wp\/v2\/comments?post=4543"}],"wp:featuredmedia":[{"embeddable":true,"href":"https:\/\/www.estudiotecno.com.ar\/tienda\/wp-json\/wp\/v2\/media\/5254"}],"wp:attachment":[{"href":"https:\/\/www.estudiotecno.com.ar\/tienda\/wp-json\/wp\/v2\/media?parent=4543"}],"wp:term":[{"taxonomy":"product_cat","embeddable":true,"href":"https:\/\/www.estudiotecno.com.ar\/tienda\/wp-json\/wp\/v2\/product_cat?post=4543"},{"taxonomy":"product_tag","embeddable":true,"href":"https:\/\/www.estudiotecno.com.ar\/tienda\/wp-json\/wp\/v2\/product_tag?post=4543"}],"curies":[{"name":"wp","href":"https:\/\/api.w.org\/{rel}","templated":true}]}}