{"id":4491,"date":"2022-07-18T17:18:36","date_gmt":"2022-07-18T20:18:36","guid":{"rendered":"https:\/\/www.estudiotecno.com.ar\/tienda\/?post_type=product&#038;p=4491"},"modified":"2025-09-03T12:58:19","modified_gmt":"2025-09-03T15:58:19","slug":"fuente-de-alimentacion-ups-12v-10ah","status":"publish","type":"product","link":"https:\/\/www.estudiotecno.com.ar\/tienda\/producto\/fuente-de-alimentacion-ups-12v-10ah\/","title":{"rendered":"Fuente de alimentaci\u00f3n 12V 15Ah"},"content":{"rendered":"<p>Fuente Swithiching 12V 4A Interna de Alto Rendimiento con sistema UPS ante cortes de energ\u00eda<\/p>\n<p>Tensi\u00f3n de salida: 12Vcc + 13Vcc para carga de bater\u00eda.<br \/>\nCorriente M\u00e1xima de salida: 4 Ampers + 0.8 Ampers para carga de bater\u00eda.<br \/>\nConsumo: 0,8A.<br \/>\nDimensiones: 129x98x38mm.<\/p>\n<p>Fuente de Alto Rendimiento Interna de 12Vcc 4A Con sistema de funcionamiento de UPS. El sistema de UPS permite cargar una bater\u00eda de 12V mediante una carga de 13V 0.8A, mientras que la fuente alimenta al sistema con 12Vcc 4A. En caso de corte de el\u00e9ctricidad, la fuente actua como UPS y alimenta al sistema con 12Vcc 4A que obtiene de la bater\u00eda a la que esta conectada.\u00a0Fuente de uso interno, ventilada por convecci\u00f3n. Certificadas bajo normas EN55022B y GB254.\u00a0Regulador de tensi\u00f3n que permite variar el voltaje de salida en un 5% de su valor nominal.\u00a0Salida de tensi\u00f3n 100% estable.\u00a0Entrada: 110Vac-220Vac Seleccionable mediante una perilla.<br \/>\nUtilizada principalmente en sistemas de CCTV, C\u00e1maras de vigilancia, Control de acceso, Cerraduras el\u00e9ctricas, Porteros El\u00e9ctricos y otros.<\/p>\n","protected":false},"excerpt":{"rendered":"<p>Fuente Swithiching 12V 4A Interna de Alto Rendimiento con sistema UPS ante cortes de energ\u00eda Tensi\u00f3n de salida: 12Vcc + 13Vcc para carga de bater\u00eda. Corriente M\u00e1xima de salida: 4 Ampers + 0.8 Ampers para carga de bater\u00eda. Consumo: 0,8A. Dimensiones: 129x98x38mm. Fuente de Alto Rendimiento Interna de 12Vcc 4A Con sistema de funcionamiento de [&hellip;]<\/p>\n","protected":false},"featured_media":5180,"comment_status":"closed","ping_status":"closed","template":"","meta":{"_acf_changed":false},"product_cat":[369,106,104,296],"product_tag":[],"acf":[],"aioseo_notices":[],"jetpack_sharing_enabled":true,"_links":{"self":[{"href":"https:\/\/www.estudiotecno.com.ar\/tienda\/wp-json\/wp\/v2\/product\/4491"}],"collection":[{"href":"https:\/\/www.estudiotecno.com.ar\/tienda\/wp-json\/wp\/v2\/product"}],"about":[{"href":"https:\/\/www.estudiotecno.com.ar\/tienda\/wp-json\/wp\/v2\/types\/product"}],"replies":[{"embeddable":true,"href":"https:\/\/www.estudiotecno.com.ar\/tienda\/wp-json\/wp\/v2\/comments?post=4491"}],"wp:featuredmedia":[{"embeddable":true,"href":"https:\/\/www.estudiotecno.com.ar\/tienda\/wp-json\/wp\/v2\/media\/5180"}],"wp:attachment":[{"href":"https:\/\/www.estudiotecno.com.ar\/tienda\/wp-json\/wp\/v2\/media?parent=4491"}],"wp:term":[{"taxonomy":"product_cat","embeddable":true,"href":"https:\/\/www.estudiotecno.com.ar\/tienda\/wp-json\/wp\/v2\/product_cat?post=4491"},{"taxonomy":"product_tag","embeddable":true,"href":"https:\/\/www.estudiotecno.com.ar\/tienda\/wp-json\/wp\/v2\/product_tag?post=4491"}],"curies":[{"name":"wp","href":"https:\/\/api.w.org\/{rel}","templated":true}]}}