{"id":4409,"date":"2022-06-15T18:33:25","date_gmt":"2022-06-15T21:33:25","guid":{"rendered":"https:\/\/www.estudiotecno.com.ar\/tienda\/?post_type=product&#038;p=4409"},"modified":"2025-09-03T12:58:09","modified_gmt":"2025-09-03T15:58:09","slug":"ds-ps1-e-wb-sirena-exterior-inalambrica","status":"publish","type":"product","link":"https:\/\/www.estudiotecno.com.ar\/tienda\/producto\/ds-ps1-e-wb-sirena-exterior-inalambrica\/","title":{"rendered":"DS-PS1-E-WB | Sirena exterior inal\u00e1mbrica"},"content":{"rendered":"<h3>Descripci\u00f3n<\/h3>\n<p class=\"separador\"><span style=\"font-family: Arial, Verdana;\">SIRENA EXTERIOR HIKVISION INALAMBRICA, VOLUME AJUSTABLE, TAMPER, IP65. ALCANCE HASTA 900 M. PILAS CR123 X 4.\u00a0 110 DB. BATERIA CON DURACION DE 3 A\u00d1OS.<\/span><\/p>\n<p>&nbsp;<\/p>\n<h3>Caracter\u00edsticas<\/h3>\n<p class=\"separador\"><strong>Caracter\u00edsticas principales:<\/strong><\/p>\n<div>-Tecnolog\u00eda inal\u00e1mbrica bidireccional.<\/div>\n<div>-110 db.<\/div>\n<div>-Indicador LED color azul cuando sucede un evento al activarse la sirena (estrobo).<\/div>\n<div>-Los datos inal\u00e1mbricos est\u00e1n protegidos por el cifrado AES-128.<\/div>\n<div><\/div>\n<div><strong>Caracter\u00edsticas F\u00edsicas y El\u00e9ctricas:<\/strong><\/div>\n<div>-Alimentaci\u00f3n: 4 CR123A \/ 12VCD (No incluidas).<\/div>\n<div>-Temperatura soportada: -25a 60\u00b0C.<\/div>\n<div>-Protecci\u00f3n: IP65<\/div>\n<div>-Dimensiones: 220.5 x 205.2 x 46 mm<\/div>\n","protected":false},"excerpt":{"rendered":"<p>Descripci\u00f3n SIRENA EXTERIOR HIKVISION INALAMBRICA, VOLUME AJUSTABLE, TAMPER, IP65. ALCANCE HASTA 900 M. PILAS CR123 X 4.\u00a0 110 DB. BATERIA CON DURACION DE 3 A\u00d1OS. &nbsp; Caracter\u00edsticas Caracter\u00edsticas principales: -Tecnolog\u00eda inal\u00e1mbrica bidireccional. -110 db. -Indicador LED color azul cuando sucede un evento al activarse la sirena (estrobo). -Los datos inal\u00e1mbricos est\u00e1n protegidos por el cifrado [&hellip;]<\/p>\n","protected":false},"featured_media":5290,"comment_status":"closed","ping_status":"closed","template":"","meta":{"_acf_changed":false},"product_cat":[313,134,349],"product_tag":[],"acf":[],"aioseo_notices":[],"jetpack_sharing_enabled":true,"_links":{"self":[{"href":"https:\/\/www.estudiotecno.com.ar\/tienda\/wp-json\/wp\/v2\/product\/4409"}],"collection":[{"href":"https:\/\/www.estudiotecno.com.ar\/tienda\/wp-json\/wp\/v2\/product"}],"about":[{"href":"https:\/\/www.estudiotecno.com.ar\/tienda\/wp-json\/wp\/v2\/types\/product"}],"replies":[{"embeddable":true,"href":"https:\/\/www.estudiotecno.com.ar\/tienda\/wp-json\/wp\/v2\/comments?post=4409"}],"wp:featuredmedia":[{"embeddable":true,"href":"https:\/\/www.estudiotecno.com.ar\/tienda\/wp-json\/wp\/v2\/media\/5290"}],"wp:attachment":[{"href":"https:\/\/www.estudiotecno.com.ar\/tienda\/wp-json\/wp\/v2\/media?parent=4409"}],"wp:term":[{"taxonomy":"product_cat","embeddable":true,"href":"https:\/\/www.estudiotecno.com.ar\/tienda\/wp-json\/wp\/v2\/product_cat?post=4409"},{"taxonomy":"product_tag","embeddable":true,"href":"https:\/\/www.estudiotecno.com.ar\/tienda\/wp-json\/wp\/v2\/product_tag?post=4409"}],"curies":[{"name":"wp","href":"https:\/\/api.w.org\/{rel}","templated":true}]}}