{"id":4403,"date":"2022-06-15T18:22:38","date_gmt":"2022-06-15T21:22:38","guid":{"rendered":"https:\/\/www.estudiotecno.com.ar\/tienda\/?post_type=product&#038;p=4403"},"modified":"2022-09-27T17:04:38","modified_gmt":"2022-09-27T20:04:38","slug":"ds-2ce10df8t-f-camara-colorvu-bullet-full-hd-min-iluminacion-0-0003-lux-y-maxima-calidad","status":"publish","type":"product","link":"https:\/\/www.estudiotecno.com.ar\/tienda\/producto\/ds-2ce10df8t-f-camara-colorvu-bullet-full-hd-min-iluminacion-0-0003-lux-y-maxima-calidad\/","title":{"rendered":"DS-2CE10DF8T-F C\u00e1mara ColorVu Bullet FULL HD Min. iluminaci\u00f3n 0.0003 lux y M\u00e1xima calidad"},"content":{"rendered":"<p><span style=\"font-family: Arial, Verdana;\">C\u00e1mara Hikvision.Color Vu Bullet FULL HD 2MP.Maxima calidad. Lente fijo de 3,6mm. Iluminaci\u00f3n IR de hasta 20m para imagenes nocturnas brillantes. Apta para instalaci\u00f3n en exterior (IP68).&nbsp;<\/span><\/p>\n","protected":false},"excerpt":{"rendered":"<p>C\u00e1mara Hikvision.Color Vu Bullet FULL HD 2MP.Maxima calidad. Lente fijo de 3,6mm. Iluminaci\u00f3n IR de hasta 20m para imagenes nocturnas brillantes. Apta para instalaci\u00f3n en exterior (IP68).&nbsp;<\/p>\n","protected":false},"featured_media":4404,"comment_status":"closed","ping_status":"closed","template":"","meta":{"_acf_changed":false},"product_cat":[134,94],"product_tag":[],"acf":[],"aioseo_notices":[],"jetpack_sharing_enabled":true,"_links":{"self":[{"href":"https:\/\/www.estudiotecno.com.ar\/tienda\/wp-json\/wp\/v2\/product\/4403"}],"collection":[{"href":"https:\/\/www.estudiotecno.com.ar\/tienda\/wp-json\/wp\/v2\/product"}],"about":[{"href":"https:\/\/www.estudiotecno.com.ar\/tienda\/wp-json\/wp\/v2\/types\/product"}],"replies":[{"embeddable":true,"href":"https:\/\/www.estudiotecno.com.ar\/tienda\/wp-json\/wp\/v2\/comments?post=4403"}],"wp:featuredmedia":[{"embeddable":true,"href":"https:\/\/www.estudiotecno.com.ar\/tienda\/wp-json\/wp\/v2\/media\/4404"}],"wp:attachment":[{"href":"https:\/\/www.estudiotecno.com.ar\/tienda\/wp-json\/wp\/v2\/media?parent=4403"}],"wp:term":[{"taxonomy":"product_cat","embeddable":true,"href":"https:\/\/www.estudiotecno.com.ar\/tienda\/wp-json\/wp\/v2\/product_cat?post=4403"},{"taxonomy":"product_tag","embeddable":true,"href":"https:\/\/www.estudiotecno.com.ar\/tienda\/wp-json\/wp\/v2\/product_tag?post=4403"}],"curies":[{"name":"wp","href":"https:\/\/api.w.org\/{rel}","templated":true}]}}