{"id":4181,"date":"2022-05-02T19:39:41","date_gmt":"2022-05-02T22:39:41","guid":{"rendered":"https:\/\/www.estudiotecno.com.ar\/tienda\/?post_type=product&#038;p=4181"},"modified":"2022-10-24T19:38:47","modified_gmt":"2022-10-24T22:38:47","slug":"redragon-h220-themis-led","status":"publish","type":"product","link":"https:\/\/www.estudiotecno.com.ar\/tienda\/producto\/redragon-h220-themis-led\/","title":{"rendered":"Redragon H220 Themis 2"},"content":{"rendered":"<p>MARCA: Redragon<br \/>\nMODELO: Themis H220N<\/p>\n<p>REDRAGON<\/p>\n<p>H220 THEMIS (NO LED)<br \/>\nUn auricular con un sonido brillante y claro, con una estructura liviana y c\u00f3moda, el Themis es un auricular pensado para jugar c\u00f3modamente.<\/p>\n<p>Sonido<\/p>\n<p>Este auricular, posee un claro sonido est\u00e9reo con ficha Jack 3.5 mm, garantizan la mejor calidad de sonido en nuestros diafragmas de 50mm con imanes de neodimio, ideales en la construcci\u00f3n de perif\u00e9ricos de sonido.<\/p>\n<p>Micr\u00f3fono<\/p>\n<p>Integrado en la estructura de las copas, construido sobre un brazo rebatible y captaci\u00f3n omnidireccional.<\/p>\n<p>Construcci\u00f3n<\/p>\n<p>Con su estructura de pl\u00e1stico ABS, vincha ajustable con almohadilla de relleno suave, almohadillas de copas sint\u00e9ticas con relleno suave y de recubrimiento circumaural, que recubre toda superficie de las orejas y producen un aislamiento ac\u00fastico pasivo que nos aseguran la funcionalidad de nuestro perif\u00e9rico.<\/p>\n<p>Adem\u00e1s posee un cable engomado de 2 metros de largo, altamente resistente, fichas de 3.5 mm ba\u00f1adas en oro.<\/p>\n<p>Extra<\/p>\n<p>Incluimos un adaptador a ficha Jack de 4 v\u00edas para utilizarlo en distintas plataformas, o disfrutar de tu m\u00fasica en tu celular sin perder el micr\u00f3fono.<\/p>\n","protected":false},"excerpt":{"rendered":"<p>MARCA: Redragon MODELO: Themis H220N REDRAGON H220 THEMIS (NO LED) Un auricular con un sonido brillante y claro, con una estructura liviana y c\u00f3moda, el Themis es un auricular pensado para jugar c\u00f3modamente. Sonido Este auricular, posee un claro sonido est\u00e9reo con ficha Jack 3.5 mm, garantizan la mejor calidad de sonido en nuestros diafragmas [&hellip;]<\/p>\n","protected":false},"featured_media":4190,"comment_status":"closed","ping_status":"closed","template":"","meta":{"_acf_changed":false},"product_cat":[279],"product_tag":[],"acf":[],"aioseo_notices":[],"jetpack_sharing_enabled":true,"_links":{"self":[{"href":"https:\/\/www.estudiotecno.com.ar\/tienda\/wp-json\/wp\/v2\/product\/4181"}],"collection":[{"href":"https:\/\/www.estudiotecno.com.ar\/tienda\/wp-json\/wp\/v2\/product"}],"about":[{"href":"https:\/\/www.estudiotecno.com.ar\/tienda\/wp-json\/wp\/v2\/types\/product"}],"replies":[{"embeddable":true,"href":"https:\/\/www.estudiotecno.com.ar\/tienda\/wp-json\/wp\/v2\/comments?post=4181"}],"wp:featuredmedia":[{"embeddable":true,"href":"https:\/\/www.estudiotecno.com.ar\/tienda\/wp-json\/wp\/v2\/media\/4190"}],"wp:attachment":[{"href":"https:\/\/www.estudiotecno.com.ar\/tienda\/wp-json\/wp\/v2\/media?parent=4181"}],"wp:term":[{"taxonomy":"product_cat","embeddable":true,"href":"https:\/\/www.estudiotecno.com.ar\/tienda\/wp-json\/wp\/v2\/product_cat?post=4181"},{"taxonomy":"product_tag","embeddable":true,"href":"https:\/\/www.estudiotecno.com.ar\/tienda\/wp-json\/wp\/v2\/product_tag?post=4181"}],"curies":[{"name":"wp","href":"https:\/\/api.w.org\/{rel}","templated":true}]}}