{"id":3354,"date":"2022-02-23T17:07:18","date_gmt":"2022-02-23T20:07:18","guid":{"rendered":"https:\/\/www.estudiotecno.com.ar\/tienda\/?post_type=product&#038;p=3354"},"modified":"2025-09-03T12:58:01","modified_gmt":"2025-09-03T15:58:01","slug":"switch-de-sobremesa-con-8-puertos-a-10-100-mbps","status":"publish","type":"product","link":"https:\/\/www.estudiotecno.com.ar\/tienda\/producto\/switch-de-sobremesa-con-8-puertos-a-10-100-mbps\/","title":{"rendered":"Switch de sobremesa con 8 puertos a 10\/100 Mbps Tp-link TL-SF1008D"},"content":{"rendered":"<p style=\"line-height: 12.0pt;\">8 puertos RJ45 a 10\/100 Mbps con detecci\u00f3n autom\u00e1tica de velocidad, soporte para MDI\/MDIX autom\u00e1tico. Tecnolog\u00eda de ahorro de energ\u00eda para Ethernet que reduce el consumo. El control de flujo IEEE 802.3x permite una transmisi\u00f3n fiable de datos. Carcasa de pl\u00e1stico, dise\u00f1ado para ser usado como equipo de sobremesa o montarlo en la pared. Plug and Play, sin ninguna configuraci\u00f3n adicional.<\/p>\n","protected":false},"excerpt":{"rendered":"<p>8 puertos RJ45 a 10\/100 Mbps con detecci\u00f3n autom\u00e1tica de velocidad, soporte para MDI\/MDIX autom\u00e1tico. Tecnolog\u00eda de ahorro de energ\u00eda para Ethernet que reduce el consumo. El control de flujo IEEE 802.3x permite una transmisi\u00f3n fiable de datos. Carcasa de pl\u00e1stico, dise\u00f1ado para ser usado como equipo de sobremesa o montarlo en la pared. Plug [&hellip;]<\/p>\n","protected":false},"featured_media":5252,"comment_status":"closed","ping_status":"closed","template":"","meta":{"_acf_changed":false},"product_cat":[376,282,167],"product_tag":[],"acf":[],"aioseo_notices":[],"jetpack_sharing_enabled":true,"_links":{"self":[{"href":"https:\/\/www.estudiotecno.com.ar\/tienda\/wp-json\/wp\/v2\/product\/3354"}],"collection":[{"href":"https:\/\/www.estudiotecno.com.ar\/tienda\/wp-json\/wp\/v2\/product"}],"about":[{"href":"https:\/\/www.estudiotecno.com.ar\/tienda\/wp-json\/wp\/v2\/types\/product"}],"replies":[{"embeddable":true,"href":"https:\/\/www.estudiotecno.com.ar\/tienda\/wp-json\/wp\/v2\/comments?post=3354"}],"wp:featuredmedia":[{"embeddable":true,"href":"https:\/\/www.estudiotecno.com.ar\/tienda\/wp-json\/wp\/v2\/media\/5252"}],"wp:attachment":[{"href":"https:\/\/www.estudiotecno.com.ar\/tienda\/wp-json\/wp\/v2\/media?parent=3354"}],"wp:term":[{"taxonomy":"product_cat","embeddable":true,"href":"https:\/\/www.estudiotecno.com.ar\/tienda\/wp-json\/wp\/v2\/product_cat?post=3354"},{"taxonomy":"product_tag","embeddable":true,"href":"https:\/\/www.estudiotecno.com.ar\/tienda\/wp-json\/wp\/v2\/product_tag?post=3354"}],"curies":[{"name":"wp","href":"https:\/\/api.w.org\/{rel}","templated":true}]}}