{"id":3350,"date":"2022-02-23T16:26:20","date_gmt":"2022-02-23T19:26:20","guid":{"rendered":"https:\/\/www.estudiotecno.com.ar\/tienda\/?post_type=product&#038;p=3350"},"modified":"2022-05-13T17:50:54","modified_gmt":"2022-05-13T20:50:54","slug":"parlante-bluetooth-neo-technology-nv-wsp510","status":"publish","type":"product","link":"https:\/\/www.estudiotecno.com.ar\/tienda\/producto\/parlante-bluetooth-neo-technology-nv-wsp510\/","title":{"rendered":"Parlante bluetooth Neo Technology NV-WSP510"},"content":{"rendered":"<p>Parlante multifunci\u00f3n 2.1 HIFI Bluetooth.\u00a0Tecnolog\u00eda inal\u00e1mbrica bluetooth integrada.\u00a0Sonido est\u00e9reo de alta definici\u00f3n.\u00a0Manija para la portabilidad<br \/>\nBotones dise\u00f1ados para un f\u00e1cil manejo de funciones.\u00a0USB y conector de 3,5 mm.\u00a0Bater\u00eda recargable de iones de litio interna (incluida).\u00a0Sistema de LUCES LED multicolores RGB.\u00a0USB, MICRO SD y conector auxiliar de 3,5 mm.\u00a0Bater\u00eda recargable de litio. LED indicador de funci\u00f3n, sonido, etc. Radio fm.\u00a0Funci\u00f3n KARAOKE con entrada para dos micr\u00f3fonos simult\u00e1neos con regulaci\u00f3n de volumen y ecos.\u00a0Alto 40cm.\u00a0Ancho 16cm.<\/p>\n","protected":false},"excerpt":{"rendered":"<p>Parlante multifunci\u00f3n 2.1 HIFI Bluetooth.\u00a0Tecnolog\u00eda inal\u00e1mbrica bluetooth integrada.\u00a0Sonido est\u00e9reo de alta definici\u00f3n.\u00a0Manija para la portabilidad Botones dise\u00f1ados para un f\u00e1cil manejo de funciones.\u00a0USB y conector de 3,5 mm.\u00a0Bater\u00eda recargable de iones de litio interna (incluida).\u00a0Sistema de LUCES LED multicolores RGB.\u00a0USB, MICRO SD y conector auxiliar de 3,5 mm.\u00a0Bater\u00eda recargable de litio. LED indicador de funci\u00f3n, [&hellip;]<\/p>\n","protected":false},"featured_media":3602,"comment_status":"closed","ping_status":"closed","template":"","meta":{"_acf_changed":false},"product_cat":[100,274],"product_tag":[],"acf":[],"aioseo_notices":[],"jetpack_sharing_enabled":true,"_links":{"self":[{"href":"https:\/\/www.estudiotecno.com.ar\/tienda\/wp-json\/wp\/v2\/product\/3350"}],"collection":[{"href":"https:\/\/www.estudiotecno.com.ar\/tienda\/wp-json\/wp\/v2\/product"}],"about":[{"href":"https:\/\/www.estudiotecno.com.ar\/tienda\/wp-json\/wp\/v2\/types\/product"}],"replies":[{"embeddable":true,"href":"https:\/\/www.estudiotecno.com.ar\/tienda\/wp-json\/wp\/v2\/comments?post=3350"}],"wp:featuredmedia":[{"embeddable":true,"href":"https:\/\/www.estudiotecno.com.ar\/tienda\/wp-json\/wp\/v2\/media\/3602"}],"wp:attachment":[{"href":"https:\/\/www.estudiotecno.com.ar\/tienda\/wp-json\/wp\/v2\/media?parent=3350"}],"wp:term":[{"taxonomy":"product_cat","embeddable":true,"href":"https:\/\/www.estudiotecno.com.ar\/tienda\/wp-json\/wp\/v2\/product_cat?post=3350"},{"taxonomy":"product_tag","embeddable":true,"href":"https:\/\/www.estudiotecno.com.ar\/tienda\/wp-json\/wp\/v2\/product_tag?post=3350"}],"curies":[{"name":"wp","href":"https:\/\/api.w.org\/{rel}","templated":true}]}}