{"id":3343,"date":"2022-02-23T16:02:04","date_gmt":"2022-02-23T19:02:04","guid":{"rendered":"https:\/\/www.estudiotecno.com.ar\/tienda\/?post_type=product&#038;p=3343"},"modified":"2022-03-07T16:26:34","modified_gmt":"2022-03-07T19:26:34","slug":"parlante-inalambrico-noga-ngs-025","status":"publish","type":"product","link":"https:\/\/www.estudiotecno.com.ar\/tienda\/producto\/parlante-inalambrico-noga-ngs-025\/","title":{"rendered":"Parlante inal\u00e1mbrico Noga NGS-025"},"content":{"rendered":"<p>El Mini Parlante NGS-025 posee un tama\u00f1o perfecto para llevar a todas partes.<br \/>\nEste Mini Parlante posee una calidad de sonido y bajos reforzados que te van a sorprender.<br \/>\nReproduce tus archivos de audio de tu Smartphone a trav\u00e9s de Tecnolog\u00eda Inal\u00e1mbrica BT.<br \/>\nIncluye Micr\u00f3fono para atender tus llamadas por Sistema de Manos Libres.<\/p>\n","protected":false},"excerpt":{"rendered":"<p>El Mini Parlante NGS-025 posee un tama\u00f1o perfecto para llevar a todas partes. Este Mini Parlante posee una calidad de sonido y bajos reforzados que te van a sorprender. Reproduce tus archivos de audio de tu Smartphone a trav\u00e9s de Tecnolog\u00eda Inal\u00e1mbrica BT. Incluye Micr\u00f3fono para atender tus llamadas por Sistema de Manos Libres.<\/p>\n","protected":false},"featured_media":3612,"comment_status":"closed","ping_status":"closed","template":"","meta":{"_acf_changed":false},"product_cat":[100,220],"product_tag":[],"acf":[],"aioseo_notices":[],"jetpack_sharing_enabled":true,"_links":{"self":[{"href":"https:\/\/www.estudiotecno.com.ar\/tienda\/wp-json\/wp\/v2\/product\/3343"}],"collection":[{"href":"https:\/\/www.estudiotecno.com.ar\/tienda\/wp-json\/wp\/v2\/product"}],"about":[{"href":"https:\/\/www.estudiotecno.com.ar\/tienda\/wp-json\/wp\/v2\/types\/product"}],"replies":[{"embeddable":true,"href":"https:\/\/www.estudiotecno.com.ar\/tienda\/wp-json\/wp\/v2\/comments?post=3343"}],"wp:featuredmedia":[{"embeddable":true,"href":"https:\/\/www.estudiotecno.com.ar\/tienda\/wp-json\/wp\/v2\/media\/3612"}],"wp:attachment":[{"href":"https:\/\/www.estudiotecno.com.ar\/tienda\/wp-json\/wp\/v2\/media?parent=3343"}],"wp:term":[{"taxonomy":"product_cat","embeddable":true,"href":"https:\/\/www.estudiotecno.com.ar\/tienda\/wp-json\/wp\/v2\/product_cat?post=3343"},{"taxonomy":"product_tag","embeddable":true,"href":"https:\/\/www.estudiotecno.com.ar\/tienda\/wp-json\/wp\/v2\/product_tag?post=3343"}],"curies":[{"name":"wp","href":"https:\/\/api.w.org\/{rel}","templated":true}]}}