{"id":3336,"date":"2022-02-23T15:33:14","date_gmt":"2022-02-23T18:33:14","guid":{"rendered":"https:\/\/www.estudiotecno.com.ar\/tienda\/?post_type=product&#038;p=3336"},"modified":"2022-03-07T16:39:20","modified_gmt":"2022-03-07T19:39:20","slug":"auriculares-estereo-hi-fi-netmak-nm-hs01","status":"publish","type":"product","link":"https:\/\/www.estudiotecno.com.ar\/tienda\/producto\/auriculares-estereo-hi-fi-netmak-nm-hs01\/","title":{"rendered":"Auriculares est\u00e9reo Hi-fi Netmak NM-HS01"},"content":{"rendered":"<p>Los Auriculares Netmak NM-HS01 tienen un aspecto urbano sin perder la elegancia y comodidad.Las almohadillas de sus cascos est\u00e1n muy cuidadas en cuanto a no resultar molestas, a pesar de que la primera sensaci\u00f3n puede resultar extra\u00f1a, ya que est\u00e1n preparados para crear un peque\u00f1o vac\u00edo destinado a filtrar el ruido exterior. Son ajustables<br \/>\nen cuanto a tama\u00f1o y perfectamente plegables para poder transportarlos sin que resulten una molestia.<\/p>\n<p>El cable es Plano y de una gran calidad que evita la formacion de nudos, adem\u00e1s contiene un micr\u00f3fono con un bot\u00f3n central para responder llamados en los iPhone, BlackBerry y cualquier aparato electronico, pausar y reproducir tu m\u00fasica, as\u00ed como para descolgar llamadas telef\u00f3nicas. Peque\u00f1os detalles, como el conector Plug 3.5mm dorado de alta calidad que favorece a aumentar la calidad para las comunicaciones de cualquier tipo.<\/p>\n","protected":false},"excerpt":{"rendered":"<p>Los Auriculares Netmak NM-HS01 tienen un aspecto urbano sin perder la elegancia y comodidad.Las almohadillas de sus cascos est\u00e1n muy cuidadas en cuanto a no resultar molestas, a pesar de que la primera sensaci\u00f3n puede resultar extra\u00f1a, ya que est\u00e1n preparados para crear un peque\u00f1o vac\u00edo destinado a filtrar el ruido exterior. Son ajustables en [&hellip;]<\/p>\n","protected":false},"featured_media":3615,"comment_status":"closed","ping_status":"closed","template":"","meta":{"_acf_changed":false},"product_cat":[106,100,95],"product_tag":[],"acf":[],"aioseo_notices":[],"jetpack_sharing_enabled":true,"_links":{"self":[{"href":"https:\/\/www.estudiotecno.com.ar\/tienda\/wp-json\/wp\/v2\/product\/3336"}],"collection":[{"href":"https:\/\/www.estudiotecno.com.ar\/tienda\/wp-json\/wp\/v2\/product"}],"about":[{"href":"https:\/\/www.estudiotecno.com.ar\/tienda\/wp-json\/wp\/v2\/types\/product"}],"replies":[{"embeddable":true,"href":"https:\/\/www.estudiotecno.com.ar\/tienda\/wp-json\/wp\/v2\/comments?post=3336"}],"wp:featuredmedia":[{"embeddable":true,"href":"https:\/\/www.estudiotecno.com.ar\/tienda\/wp-json\/wp\/v2\/media\/3615"}],"wp:attachment":[{"href":"https:\/\/www.estudiotecno.com.ar\/tienda\/wp-json\/wp\/v2\/media?parent=3336"}],"wp:term":[{"taxonomy":"product_cat","embeddable":true,"href":"https:\/\/www.estudiotecno.com.ar\/tienda\/wp-json\/wp\/v2\/product_cat?post=3336"},{"taxonomy":"product_tag","embeddable":true,"href":"https:\/\/www.estudiotecno.com.ar\/tienda\/wp-json\/wp\/v2\/product_tag?post=3336"}],"curies":[{"name":"wp","href":"https:\/\/api.w.org\/{rel}","templated":true}]}}