{"id":3313,"date":"2022-02-23T14:08:52","date_gmt":"2022-02-23T17:08:52","guid":{"rendered":"https:\/\/www.estudiotecno.com.ar\/tienda\/?post_type=product&#038;p=3313"},"modified":"2022-03-07T17:42:42","modified_gmt":"2022-03-07T20:42:42","slug":"teclado-gamer-raptor-warrior-series-netmak-nm-raptor","status":"publish","type":"product","link":"https:\/\/www.estudiotecno.com.ar\/tienda\/producto\/teclado-gamer-raptor-warrior-series-netmak-nm-raptor\/","title":{"rendered":"Teclado gamer Raptor &#8211; Warrior Series &#8211; Netmak NM-RAPTOR"},"content":{"rendered":"<p>Retroiluminaci\u00f3n: detalles de dise\u00f1o con luz LED.\u00a0Teclas multimedia: ordenador, escritorio, correo electr\u00f3nico, b\u00fasqueda, favoritos, jugador, reproducci\u00f3n\/pausa, voz-, voz+, mudo.\u00a0Teclas gamer azules: agregale vida, color y estilo a tu juego.<\/p>\n<p>Cantidad de teclas: 114.\u00a0Teclas de atajo: 10.\u00a0Tama\u00f1o: 445*196*30 mm.\u00a0Interfaz: USB. Longitud del cable: 1.5 metros.\u00a0Material: ABS.\u00a0Peso: 660g.\u00a0Voltaje: 5V.\u00a0Corriente: 100mA<\/p>\n","protected":false},"excerpt":{"rendered":"<p>Retroiluminaci\u00f3n: detalles de dise\u00f1o con luz LED.\u00a0Teclas multimedia: ordenador, escritorio, correo electr\u00f3nico, b\u00fasqueda, favoritos, jugador, reproducci\u00f3n\/pausa, voz-, voz+, mudo.\u00a0Teclas gamer azules: agregale vida, color y estilo a tu juego. Cantidad de teclas: 114.\u00a0Teclas de atajo: 10.\u00a0Tama\u00f1o: 445*196*30 mm.\u00a0Interfaz: USB. Longitud del cable: 1.5 metros.\u00a0Material: ABS.\u00a0Peso: 660g.\u00a0Voltaje: 5V.\u00a0Corriente: 100mA<\/p>\n","protected":false},"featured_media":3629,"comment_status":"closed","ping_status":"closed","template":"","meta":{"_acf_changed":false},"product_cat":[104,95,291],"product_tag":[],"acf":[],"aioseo_notices":[],"jetpack_sharing_enabled":true,"_links":{"self":[{"href":"https:\/\/www.estudiotecno.com.ar\/tienda\/wp-json\/wp\/v2\/product\/3313"}],"collection":[{"href":"https:\/\/www.estudiotecno.com.ar\/tienda\/wp-json\/wp\/v2\/product"}],"about":[{"href":"https:\/\/www.estudiotecno.com.ar\/tienda\/wp-json\/wp\/v2\/types\/product"}],"replies":[{"embeddable":true,"href":"https:\/\/www.estudiotecno.com.ar\/tienda\/wp-json\/wp\/v2\/comments?post=3313"}],"wp:featuredmedia":[{"embeddable":true,"href":"https:\/\/www.estudiotecno.com.ar\/tienda\/wp-json\/wp\/v2\/media\/3629"}],"wp:attachment":[{"href":"https:\/\/www.estudiotecno.com.ar\/tienda\/wp-json\/wp\/v2\/media?parent=3313"}],"wp:term":[{"taxonomy":"product_cat","embeddable":true,"href":"https:\/\/www.estudiotecno.com.ar\/tienda\/wp-json\/wp\/v2\/product_cat?post=3313"},{"taxonomy":"product_tag","embeddable":true,"href":"https:\/\/www.estudiotecno.com.ar\/tienda\/wp-json\/wp\/v2\/product_tag?post=3313"}],"curies":[{"name":"wp","href":"https:\/\/api.w.org\/{rel}","templated":true}]}}