{"id":3295,"date":"2022-02-23T10:37:59","date_gmt":"2022-02-23T13:37:59","guid":{"rendered":"https:\/\/www.estudiotecno.com.ar\/tienda\/?post_type=product&#038;p=3295"},"modified":"2022-03-23T17:28:40","modified_gmt":"2022-03-23T20:28:40","slug":"switch-wi-fi-sonoff-basicr2","status":"publish","type":"product","link":"https:\/\/www.estudiotecno.com.ar\/tienda\/producto\/switch-wi-fi-sonoff-basicr2\/","title":{"rendered":"Switch Wi-Fi Sonoff BASICR2"},"content":{"rendered":"<p>Interruptor WiFi para dom\u00f3tica \/ casa inteligente 1 canal 220V \/ 10A<\/p>\n<p>Permite controlar, luces, enchufes, electrodom\u00e9sticos, portones, bombas de pileta, riego y cualquier aparato el\u00e9ctrico que se pueda controlar mediante su encendido y apagado..<\/p>\n<p>Se puede utilizar como control remoto para prender y apagar en el momento, o como temporizador programando encendido \/ apagado en diferentes modalidades de programaci\u00f3n mediante EWeLink, su aplicaci\u00f3n de celular de descarga gratuita. Permite integrarlo con diferentes soluciones de dom\u00f3tica mediante Amaz\u00f3n Alexa, Google Home o IFTTT<\/p>\n<p>La cantidad de dispositivos que se pueden agregar a la aplicaci\u00f3n es ILIMITADA, aunque el fabricante recomienda no agregar mas de 150 dispositivos por usuario.<\/p>\n<p>Funciona en proximidad y tambi\u00e9n permite controlar cosas a la distancia por medio de internet.<\/p>\n<p>Incluye nueva funci\u00f3n de pulso con duraci\u00f3n configurable en incrementos de 1\/2 segundo entre 1\/2 segundo hasta 1 hora. Permite implementar autom\u00e1ticos de pasillo, retardos cuando se combina con escenas o con otros m\u00f3dulos Sonoff, accionar cerraduras o dispositivos similares donde se requiera un accionamiento temporal.<\/p>\n<p>Especificaciones:<\/p>\n<p>Wifi: 802.11 b\/g\/n<br \/>\nCanales: 1<br \/>\nTensi\u00f3n de trabajo: 90-250V CA<br \/>\nConsumo m\u00e1ximo: 10A \/ 2200W &#8211; Para mayores consumos se puede incorporar un contactor.<br \/>\nSoftware: App m\u00f3vil EWeLink para Android o IOS<br \/>\nIntegraciones: Amazon Alexa, Google Home, IFTTT (incluye applet para webhooks) , NEST y Samsung SmartThings<\/p>\n","protected":false},"excerpt":{"rendered":"<p>Interruptor WiFi para dom\u00f3tica \/ casa inteligente 1 canal 220V \/ 10A Permite controlar, luces, enchufes, electrodom\u00e9sticos, portones, bombas de pileta, riego y cualquier aparato el\u00e9ctrico que se pueda controlar mediante su encendido y apagado.. Se puede utilizar como control remoto para prender y apagar en el momento, o como temporizador programando encendido \/ apagado [&hellip;]<\/p>\n","protected":false},"featured_media":3913,"comment_status":"closed","ping_status":"closed","template":"","meta":{"_acf_changed":false},"product_cat":[299,282],"product_tag":[],"acf":[],"aioseo_notices":[],"jetpack_sharing_enabled":true,"_links":{"self":[{"href":"https:\/\/www.estudiotecno.com.ar\/tienda\/wp-json\/wp\/v2\/product\/3295"}],"collection":[{"href":"https:\/\/www.estudiotecno.com.ar\/tienda\/wp-json\/wp\/v2\/product"}],"about":[{"href":"https:\/\/www.estudiotecno.com.ar\/tienda\/wp-json\/wp\/v2\/types\/product"}],"replies":[{"embeddable":true,"href":"https:\/\/www.estudiotecno.com.ar\/tienda\/wp-json\/wp\/v2\/comments?post=3295"}],"wp:featuredmedia":[{"embeddable":true,"href":"https:\/\/www.estudiotecno.com.ar\/tienda\/wp-json\/wp\/v2\/media\/3913"}],"wp:attachment":[{"href":"https:\/\/www.estudiotecno.com.ar\/tienda\/wp-json\/wp\/v2\/media?parent=3295"}],"wp:term":[{"taxonomy":"product_cat","embeddable":true,"href":"https:\/\/www.estudiotecno.com.ar\/tienda\/wp-json\/wp\/v2\/product_cat?post=3295"},{"taxonomy":"product_tag","embeddable":true,"href":"https:\/\/www.estudiotecno.com.ar\/tienda\/wp-json\/wp\/v2\/product_tag?post=3295"}],"curies":[{"name":"wp","href":"https:\/\/api.w.org\/{rel}","templated":true}]}}