{"id":3293,"date":"2022-02-23T10:30:20","date_gmt":"2022-02-23T13:30:20","guid":{"rendered":"https:\/\/www.estudiotecno.com.ar\/tienda\/?post_type=product&#038;p=3293"},"modified":"2022-07-12T17:10:03","modified_gmt":"2022-07-12T20:10:03","slug":"router-ap-unifi-uap-ac-m","status":"publish","type":"product","link":"https:\/\/www.estudiotecno.com.ar\/tienda\/producto\/router-ap-unifi-uap-ac-m\/","title":{"rendered":"Router AP UniFi UAP-AC-M"},"content":{"rendered":"<p>Conexi\u00f3n en todas direcciones<br \/>\nEste sistema te permite eliminar las zonas de baja se\u00f1al de una vez por todas para que tengas una cobertura de wifi estable.<\/p>\n<p>M\u00e1s antenas, mejor se\u00f1al<br \/>\nCon este dispositivo, las paredes y techos no son un obst\u00e1culo: los m\u00faltiples receptores garantizan un mejor rendimiento en lugares con gran nivel de interferencia.<\/p>\n<p>Informaci\u00f3n que vuela<br \/>\nSin importar la cantidad de artefactos conectados ni la magnitud de los datos, tu conexi\u00f3n ser\u00e1 impresionante.<\/p>\n<p>Gran alcance y estabilidad<br \/>\n\u00a1Mantente siempre en l\u00ednea! Con su doble banda logra un mayor alcance y una mejor estabilidad de la frecuencia.<\/p>\n","protected":false},"excerpt":{"rendered":"<p>Conexi\u00f3n en todas direcciones Este sistema te permite eliminar las zonas de baja se\u00f1al de una vez por todas para que tengas una cobertura de wifi estable. M\u00e1s antenas, mejor se\u00f1al Con este dispositivo, las paredes y techos no son un obst\u00e1culo: los m\u00faltiples receptores garantizan un mejor rendimiento en lugares con gran nivel de [&hellip;]<\/p>\n","protected":false},"featured_media":3919,"comment_status":"closed","ping_status":"closed","template":"","meta":{"_acf_changed":false},"product_cat":[282],"product_tag":[],"acf":[],"aioseo_notices":[],"jetpack_sharing_enabled":true,"_links":{"self":[{"href":"https:\/\/www.estudiotecno.com.ar\/tienda\/wp-json\/wp\/v2\/product\/3293"}],"collection":[{"href":"https:\/\/www.estudiotecno.com.ar\/tienda\/wp-json\/wp\/v2\/product"}],"about":[{"href":"https:\/\/www.estudiotecno.com.ar\/tienda\/wp-json\/wp\/v2\/types\/product"}],"replies":[{"embeddable":true,"href":"https:\/\/www.estudiotecno.com.ar\/tienda\/wp-json\/wp\/v2\/comments?post=3293"}],"wp:featuredmedia":[{"embeddable":true,"href":"https:\/\/www.estudiotecno.com.ar\/tienda\/wp-json\/wp\/v2\/media\/3919"}],"wp:attachment":[{"href":"https:\/\/www.estudiotecno.com.ar\/tienda\/wp-json\/wp\/v2\/media?parent=3293"}],"wp:term":[{"taxonomy":"product_cat","embeddable":true,"href":"https:\/\/www.estudiotecno.com.ar\/tienda\/wp-json\/wp\/v2\/product_cat?post=3293"},{"taxonomy":"product_tag","embeddable":true,"href":"https:\/\/www.estudiotecno.com.ar\/tienda\/wp-json\/wp\/v2\/product_tag?post=3293"}],"curies":[{"name":"wp","href":"https:\/\/api.w.org\/{rel}","templated":true}]}}