{"id":3269,"date":"2022-02-22T15:58:16","date_gmt":"2022-02-22T18:58:16","guid":{"rendered":"https:\/\/www.estudiotecno.com.ar\/tienda\/?post_type=product&#038;p=3269"},"modified":"2025-09-03T12:58:40","modified_gmt":"2025-09-03T15:58:40","slug":"sirena-externa-big-range-br-150","status":"publish","type":"product","link":"https:\/\/www.estudiotecno.com.ar\/tienda\/producto\/sirena-externa-big-range-br-150\/","title":{"rendered":"Sirena externa Big Range BR-150"},"content":{"rendered":"<p>Sirena apta para exterior, programable con tres tonos, pre-alarma, LED multifunci\u00f3n y memoria de alarma.<\/p>\n<p>Gabinete met\u00e1lico<br \/>\nContiene un cobertor met\u00e1lico que protege los circuitos electr\u00f3nicos de posibles vandalismos. Asimismo dicho cobertor se encuentra electro-galvanizado otorgando resistencia a la corrosi\u00f3n y permitiendo que las sirenas sean aptas para ambientes hostiles o de alta salinidad.<\/p>\n<p>Tamper de doble acci\u00f3n<br \/>\nTambi\u00e9n conocido como pulsador anti-desarme. En el caso de que la sirena sea separada de la superficie o la tapa sea retirada, el tamper actuar\u00e1 de inmediato dando aviso de sabotaje.<\/p>\n<p>Pre alarma<br \/>\nCada vez que la sirena se dispare generara tonos de bajo volumen que iran incrementando en potencia y frecuencia durante un periodo de 15 segundos, indicando que se disparo el sistema de alarma. Luego de transcurrido dicho tiempo, la sirena comenzara a sonar a su m\u00e1xima potencia.<\/p>\n<p>&nbsp;<\/p>\n","protected":false},"excerpt":{"rendered":"<p>Sirena apta para exterior, programable con tres tonos, pre-alarma, LED multifunci\u00f3n y memoria de alarma. Gabinete met\u00e1lico Contiene un cobertor met\u00e1lico que protege los circuitos electr\u00f3nicos de posibles vandalismos. Asimismo dicho cobertor se encuentra electro-galvanizado otorgando resistencia a la corrosi\u00f3n y permitiendo que las sirenas sean aptas para ambientes hostiles o de alta salinidad. Tamper [&hellip;]<\/p>\n","protected":false},"featured_media":5325,"comment_status":"closed","ping_status":"closed","template":"","meta":{"_acf_changed":false},"product_cat":[313,349,94],"product_tag":[],"acf":[],"aioseo_notices":[],"jetpack_sharing_enabled":true,"_links":{"self":[{"href":"https:\/\/www.estudiotecno.com.ar\/tienda\/wp-json\/wp\/v2\/product\/3269"}],"collection":[{"href":"https:\/\/www.estudiotecno.com.ar\/tienda\/wp-json\/wp\/v2\/product"}],"about":[{"href":"https:\/\/www.estudiotecno.com.ar\/tienda\/wp-json\/wp\/v2\/types\/product"}],"replies":[{"embeddable":true,"href":"https:\/\/www.estudiotecno.com.ar\/tienda\/wp-json\/wp\/v2\/comments?post=3269"}],"wp:featuredmedia":[{"embeddable":true,"href":"https:\/\/www.estudiotecno.com.ar\/tienda\/wp-json\/wp\/v2\/media\/5325"}],"wp:attachment":[{"href":"https:\/\/www.estudiotecno.com.ar\/tienda\/wp-json\/wp\/v2\/media?parent=3269"}],"wp:term":[{"taxonomy":"product_cat","embeddable":true,"href":"https:\/\/www.estudiotecno.com.ar\/tienda\/wp-json\/wp\/v2\/product_cat?post=3269"},{"taxonomy":"product_tag","embeddable":true,"href":"https:\/\/www.estudiotecno.com.ar\/tienda\/wp-json\/wp\/v2\/product_tag?post=3269"}],"curies":[{"name":"wp","href":"https:\/\/api.w.org\/{rel}","templated":true}]}}