{"id":3256,"date":"2022-02-22T14:50:31","date_gmt":"2022-02-22T17:50:31","guid":{"rendered":"https:\/\/www.estudiotecno.com.ar\/tienda\/?post_type=product&#038;p=3256"},"modified":"2025-09-03T12:58:30","modified_gmt":"2025-09-03T15:58:30","slug":"control-remoto-x-28-tx-400s","status":"publish","type":"product","link":"https:\/\/www.estudiotecno.com.ar\/tienda\/producto\/control-remoto-x-28-tx-400s\/","title":{"rendered":"Control Remoto X-28 TX 400S"},"content":{"rendered":"<p>Transmisor Registrable de Dos Canales<br \/>\nLa tecla 1 activa y desactiva sonoro<br \/>\nLa tecla 2 tiene funci\u00f3n seleccionable: activa y desactiva silencioso, control de dispositivos el\u00e9ctricos, p\u00e1nico o emergencia m\u00e9dica.<\/p>\n","protected":false},"excerpt":{"rendered":"<p>Transmisor Registrable de Dos Canales La tecla 1 activa y desactiva sonoro La tecla 2 tiene funci\u00f3n seleccionable: activa y desactiva silencioso, control de dispositivos el\u00e9ctricos, p\u00e1nico o emergencia m\u00e9dica.<\/p>\n","protected":false},"featured_media":5308,"comment_status":"closed","ping_status":"closed","template":"","meta":{"_acf_changed":false},"product_cat":[313,94,252],"product_tag":[],"acf":[],"aioseo_notices":[],"jetpack_sharing_enabled":true,"_links":{"self":[{"href":"https:\/\/www.estudiotecno.com.ar\/tienda\/wp-json\/wp\/v2\/product\/3256"}],"collection":[{"href":"https:\/\/www.estudiotecno.com.ar\/tienda\/wp-json\/wp\/v2\/product"}],"about":[{"href":"https:\/\/www.estudiotecno.com.ar\/tienda\/wp-json\/wp\/v2\/types\/product"}],"replies":[{"embeddable":true,"href":"https:\/\/www.estudiotecno.com.ar\/tienda\/wp-json\/wp\/v2\/comments?post=3256"}],"wp:featuredmedia":[{"embeddable":true,"href":"https:\/\/www.estudiotecno.com.ar\/tienda\/wp-json\/wp\/v2\/media\/5308"}],"wp:attachment":[{"href":"https:\/\/www.estudiotecno.com.ar\/tienda\/wp-json\/wp\/v2\/media?parent=3256"}],"wp:term":[{"taxonomy":"product_cat","embeddable":true,"href":"https:\/\/www.estudiotecno.com.ar\/tienda\/wp-json\/wp\/v2\/product_cat?post=3256"},{"taxonomy":"product_tag","embeddable":true,"href":"https:\/\/www.estudiotecno.com.ar\/tienda\/wp-json\/wp\/v2\/product_tag?post=3256"}],"curies":[{"name":"wp","href":"https:\/\/api.w.org\/{rel}","templated":true}]}}