{"id":3253,"date":"2022-02-22T14:40:55","date_gmt":"2022-02-22T17:40:55","guid":{"rendered":"https:\/\/www.estudiotecno.com.ar\/tienda\/?post_type=product&#038;p=3253"},"modified":"2025-09-03T12:58:27","modified_gmt":"2025-09-03T15:58:27","slug":"control-remoto-x-28-tx-4r-rc","status":"publish","type":"product","link":"https:\/\/www.estudiotecno.com.ar\/tienda\/producto\/control-remoto-x-28-tx-4r-rc\/","title":{"rendered":"Control remoto X-28 TX 4R-RC"},"content":{"rendered":"<p>Transmisor registrable de cuatro canales<br \/>Tecla de activaci\u00f3n de Modo Estoy<br \/>Tecla de activaci\u00f3n en Modo Me voy<br \/>Tecla de desactivaci\u00f3n<br \/>Tecla de activaci\u00f3n silenciosa<br \/>Tecla de funci\u00f3n programable: P\u00e1nico (disparo preventivo), emergencia m\u00e9dica, o control de dispositivos el\u00e9ctricos.<\/p><p>&nbsp;<\/p>","protected":false},"excerpt":{"rendered":"<p>Transmisor registrable de cuatro canalesTecla de activaci\u00f3n de Modo EstoyTecla de activaci\u00f3n en Modo Me voyTecla de desactivaci\u00f3nTecla de activaci\u00f3n silenciosaTecla de funci\u00f3n programable: P\u00e1nico (disparo preventivo), emergencia m\u00e9dica, o control de dispositivos el\u00e9ctricos. &nbsp;<\/p>\n","protected":false},"featured_media":5307,"comment_status":"closed","ping_status":"closed","template":"","meta":{"_acf_changed":false},"product_cat":[313,94,252],"product_tag":[],"acf":[],"aioseo_notices":[],"jetpack_sharing_enabled":true,"_links":{"self":[{"href":"https:\/\/www.estudiotecno.com.ar\/tienda\/wp-json\/wp\/v2\/product\/3253"}],"collection":[{"href":"https:\/\/www.estudiotecno.com.ar\/tienda\/wp-json\/wp\/v2\/product"}],"about":[{"href":"https:\/\/www.estudiotecno.com.ar\/tienda\/wp-json\/wp\/v2\/types\/product"}],"replies":[{"embeddable":true,"href":"https:\/\/www.estudiotecno.com.ar\/tienda\/wp-json\/wp\/v2\/comments?post=3253"}],"wp:featuredmedia":[{"embeddable":true,"href":"https:\/\/www.estudiotecno.com.ar\/tienda\/wp-json\/wp\/v2\/media\/5307"}],"wp:attachment":[{"href":"https:\/\/www.estudiotecno.com.ar\/tienda\/wp-json\/wp\/v2\/media?parent=3253"}],"wp:term":[{"taxonomy":"product_cat","embeddable":true,"href":"https:\/\/www.estudiotecno.com.ar\/tienda\/wp-json\/wp\/v2\/product_cat?post=3253"},{"taxonomy":"product_tag","embeddable":true,"href":"https:\/\/www.estudiotecno.com.ar\/tienda\/wp-json\/wp\/v2\/product_tag?post=3253"}],"curies":[{"name":"wp","href":"https:\/\/api.w.org\/{rel}","templated":true}]}}