{"id":3238,"date":"2022-02-22T11:49:48","date_gmt":"2022-02-22T14:49:48","guid":{"rendered":"https:\/\/www.estudiotecno.com.ar\/tienda\/?post_type=product&#038;p=3238"},"modified":"2023-05-17T12:34:55","modified_gmt":"2023-05-17T15:34:55","slug":"luz-de-emergencia-x28-alarmas-le4-mpxh","status":"publish","type":"product","link":"https:\/\/www.estudiotecno.com.ar\/tienda\/producto\/luz-de-emergencia-x28-alarmas-le4-mpxh\/","title":{"rendered":"Luz de emergencia X-28 LE4-MPXH"},"content":{"rendered":"<p>Luz de emergencia de muy alta eficiencia.<\/p>\n<p>Provista con base y r\u00f3tula de montaje.<\/p>\n<p>Reducido tama\u00f1o.<\/p>\n<p>Muy bajo consumo.<\/p>\n<p>Programaci\u00f3n soft.<\/p>\n<p>Particionable<\/p>\n","protected":false},"excerpt":{"rendered":"<p>Luz de emergencia de muy alta eficiencia. Provista con base y r\u00f3tula de montaje. Reducido tama\u00f1o. Muy bajo consumo. Programaci\u00f3n soft. Particionable<\/p>\n","protected":false},"featured_media":5399,"comment_status":"closed","ping_status":"closed","template":"","meta":{"_acf_changed":false},"product_cat":[313,94,252],"product_tag":[],"acf":[],"aioseo_notices":[],"jetpack_sharing_enabled":true,"_links":{"self":[{"href":"https:\/\/www.estudiotecno.com.ar\/tienda\/wp-json\/wp\/v2\/product\/3238"}],"collection":[{"href":"https:\/\/www.estudiotecno.com.ar\/tienda\/wp-json\/wp\/v2\/product"}],"about":[{"href":"https:\/\/www.estudiotecno.com.ar\/tienda\/wp-json\/wp\/v2\/types\/product"}],"replies":[{"embeddable":true,"href":"https:\/\/www.estudiotecno.com.ar\/tienda\/wp-json\/wp\/v2\/comments?post=3238"}],"wp:featuredmedia":[{"embeddable":true,"href":"https:\/\/www.estudiotecno.com.ar\/tienda\/wp-json\/wp\/v2\/media\/5399"}],"wp:attachment":[{"href":"https:\/\/www.estudiotecno.com.ar\/tienda\/wp-json\/wp\/v2\/media?parent=3238"}],"wp:term":[{"taxonomy":"product_cat","embeddable":true,"href":"https:\/\/www.estudiotecno.com.ar\/tienda\/wp-json\/wp\/v2\/product_cat?post=3238"},{"taxonomy":"product_tag","embeddable":true,"href":"https:\/\/www.estudiotecno.com.ar\/tienda\/wp-json\/wp\/v2\/product_tag?post=3238"}],"curies":[{"name":"wp","href":"https:\/\/api.w.org\/{rel}","templated":true}]}}