{"id":3217,"date":"2022-02-22T10:27:42","date_gmt":"2022-02-22T13:27:42","guid":{"rendered":"https:\/\/www.estudiotecno.com.ar\/tienda\/?post_type=product&#038;p=3217"},"modified":"2022-07-27T12:16:57","modified_gmt":"2022-07-27T15:16:57","slug":"domo-hikvision-q1-network-pt-camera-ds-2cv2q01fd-iw","status":"publish","type":"product","link":"https:\/\/www.estudiotecno.com.ar\/tienda\/producto\/domo-hikvision-q1-network-pt-camera-ds-2cv2q01fd-iw\/","title":{"rendered":"DS-2CV2Q01FD-IW &#8211; Domo Hikvision \u00abQ1 Network PT Camera\u00bb"},"content":{"rendered":"<p>C\u00e1mara PT IP 2MP<br \/>\nLente fija de 2.8mm,<br \/>\ncampo de visi\u00f3n horizontal 105.8 \u00b0<br \/>\n\/H.264\/MJPEG,<br \/>\ndual-stream,<br \/>\n3D DNR,<br \/>\nPT function (Pan: 0\u00b0 ~ 355\u00b0; Tilt: -10\u00b0 ~ 90\u00b0),<br \/>\nIncorporado Wi-Fi,<br \/>\n5VDC power supply.<br \/>\nIR 5m,<br \/>\nAudio de 2 v\u00edas micr\u00f3fono incluido,<br \/>\nDetecci\u00f3n de movimiento,<br \/>\nSoporte memoria SD hasta 128 GB (Memoria SD no incluida),<br \/>\nCompatible con HIK-Connect P2P.<br \/>\ninterior, Pl\u00e1stica<\/p>\n","protected":false},"excerpt":{"rendered":"<p>C\u00e1mara PT IP 2MP Lente fija de 2.8mm, campo de visi\u00f3n horizontal 105.8 \u00b0 \/H.264\/MJPEG, dual-stream, 3D DNR, PT function (Pan: 0\u00b0 ~ 355\u00b0; Tilt: -10\u00b0 ~ 90\u00b0), Incorporado Wi-Fi, 5VDC power supply. IR 5m, Audio de 2 v\u00edas micr\u00f3fono incluido, Detecci\u00f3n de movimiento, Soporte memoria SD hasta 128 GB (Memoria SD no incluida), Compatible [&hellip;]<\/p>\n","protected":false},"featured_media":3717,"comment_status":"closed","ping_status":"closed","template":"","meta":{"_acf_changed":false},"product_cat":[134,94],"product_tag":[],"acf":[],"aioseo_notices":[],"jetpack_sharing_enabled":true,"_links":{"self":[{"href":"https:\/\/www.estudiotecno.com.ar\/tienda\/wp-json\/wp\/v2\/product\/3217"}],"collection":[{"href":"https:\/\/www.estudiotecno.com.ar\/tienda\/wp-json\/wp\/v2\/product"}],"about":[{"href":"https:\/\/www.estudiotecno.com.ar\/tienda\/wp-json\/wp\/v2\/types\/product"}],"replies":[{"embeddable":true,"href":"https:\/\/www.estudiotecno.com.ar\/tienda\/wp-json\/wp\/v2\/comments?post=3217"}],"wp:featuredmedia":[{"embeddable":true,"href":"https:\/\/www.estudiotecno.com.ar\/tienda\/wp-json\/wp\/v2\/media\/3717"}],"wp:attachment":[{"href":"https:\/\/www.estudiotecno.com.ar\/tienda\/wp-json\/wp\/v2\/media?parent=3217"}],"wp:term":[{"taxonomy":"product_cat","embeddable":true,"href":"https:\/\/www.estudiotecno.com.ar\/tienda\/wp-json\/wp\/v2\/product_cat?post=3217"},{"taxonomy":"product_tag","embeddable":true,"href":"https:\/\/www.estudiotecno.com.ar\/tienda\/wp-json\/wp\/v2\/product_tag?post=3217"}],"curies":[{"name":"wp","href":"https:\/\/api.w.org\/{rel}","templated":true}]}}