{"id":3077,"date":"2021-11-10T19:00:05","date_gmt":"2021-11-10T22:00:05","guid":{"rendered":"https:\/\/www.estudiotecno.com.ar\/tienda\/?post_type=product&#038;p=3077"},"modified":"2023-09-08T10:23:51","modified_gmt":"2023-09-08T13:23:51","slug":"placa-receptora-inalambrica-400m-ds-pm-rswr-433mhz","status":"publish","type":"product","link":"https:\/\/www.estudiotecno.com.ar\/tienda\/producto\/placa-receptora-inalambrica-400m-ds-pm-rswr-433mhz\/","title":{"rendered":"DS-PM-RSWR-433 | Placa receptora inalambrica 400m"},"content":{"rendered":"<p>Compatible Con Paneles H\u00edbridos DS-PHA20-B, DS-PHA64-B, DS-PHA20-W2B.<\/p>\n<p>Permite Agregar Sensores AX HUB. (Vea imagen adjunta):<br \/>\nSensores, Botones de P\u00e1nico, Detectores de Desplazamiento, Contacto Magn\u00e9tico, Sensor de Humo, Control Keyfod, Detectores Especiales, Sirenas.<\/p>\n<p>Admite 8 entradas inal\u00e1mbricas, 32 llaveros inal\u00e1mbricos, 2 sirenas.<\/p>\n<p>Caracter\u00edsticas principales:<\/p>\n<p>Transmisi\u00f3n RF<br \/>\n\u2022 Frecuencia RF: 433 MHz.<br \/>\n\u2022 Modulaci\u00f3n RF: 2GFSK.<br \/>\n\u2022 Velocidad RF: 10 kbps.<br \/>\n\u2022 Rango De RF: 400m.<\/p>\n<p>Caracter\u00edsticas De Hardware<br \/>\n\u2022 Indicador: 1 LED rojo \/ verde de dos colores.<br \/>\n\u2022 Entrada De Alarma: 8.<\/p>\n<p>General<br \/>\n\u2022 Temperatura De Operaci\u00f3n: -10C &#8211; 55C.<br \/>\n\u2022 Operaci\u00f3n Humedad: 10% &#8211; 90%.<br \/>\n\u2022 Dimensi\u00f3n (WxHxD): 161 mm x 105 mm x 28 mm.<br \/>\n\u2022 Peso: 195g.<br \/>\n\u2022 Escenario De Aplicaci\u00f3n: Interior.<br \/>\n\u2022 M\u00e9todo De Instalaci\u00f3n: Montaje en pared.<\/p>\n","protected":false},"excerpt":{"rendered":"<p>Compatible Con Paneles H\u00edbridos DS-PHA20-B, DS-PHA64-B, DS-PHA20-W2B. Permite Agregar Sensores AX HUB. (Vea imagen adjunta): Sensores, Botones de P\u00e1nico, Detectores de Desplazamiento, Contacto Magn\u00e9tico, Sensor de Humo, Control Keyfod, Detectores Especiales, Sirenas. Admite 8 entradas inal\u00e1mbricas, 32 llaveros inal\u00e1mbricos, 2 sirenas. Caracter\u00edsticas principales: Transmisi\u00f3n RF \u2022 Frecuencia RF: 433 MHz. \u2022 Modulaci\u00f3n RF: 2GFSK. \u2022 [&hellip;]<\/p>\n","protected":false},"featured_media":5272,"comment_status":"closed","ping_status":"closed","template":"","meta":{"_acf_changed":false},"product_cat":[313,134,345,94],"product_tag":[],"acf":[],"aioseo_notices":[],"jetpack_sharing_enabled":true,"_links":{"self":[{"href":"https:\/\/www.estudiotecno.com.ar\/tienda\/wp-json\/wp\/v2\/product\/3077"}],"collection":[{"href":"https:\/\/www.estudiotecno.com.ar\/tienda\/wp-json\/wp\/v2\/product"}],"about":[{"href":"https:\/\/www.estudiotecno.com.ar\/tienda\/wp-json\/wp\/v2\/types\/product"}],"replies":[{"embeddable":true,"href":"https:\/\/www.estudiotecno.com.ar\/tienda\/wp-json\/wp\/v2\/comments?post=3077"}],"wp:featuredmedia":[{"embeddable":true,"href":"https:\/\/www.estudiotecno.com.ar\/tienda\/wp-json\/wp\/v2\/media\/5272"}],"wp:attachment":[{"href":"https:\/\/www.estudiotecno.com.ar\/tienda\/wp-json\/wp\/v2\/media?parent=3077"}],"wp:term":[{"taxonomy":"product_cat","embeddable":true,"href":"https:\/\/www.estudiotecno.com.ar\/tienda\/wp-json\/wp\/v2\/product_cat?post=3077"},{"taxonomy":"product_tag","embeddable":true,"href":"https:\/\/www.estudiotecno.com.ar\/tienda\/wp-json\/wp\/v2\/product_tag?post=3077"}],"curies":[{"name":"wp","href":"https:\/\/api.w.org\/{rel}","templated":true}]}}