{"id":2647,"date":"2021-05-05T14:59:20","date_gmt":"2021-05-05T17:59:20","guid":{"rendered":"https:\/\/www.estudiotecno.com.ar\/tienda\/?post_type=product&#038;p=2647"},"modified":"2025-11-27T16:02:56","modified_gmt":"2025-11-27T19:02:56","slug":"ds-2cd2021g1-idw1-camara-ip-wifi-2-mp-bullet-exterior-lente-2-8mm-wifi-con-nvr-dvr-no-p2p","status":"publish","type":"product","link":"https:\/\/www.estudiotecno.com.ar\/tienda\/producto\/ds-2cd2021g1-idw1-camara-ip-wifi-2-mp-bullet-exterior-lente-2-8mm-wifi-con-nvr-dvr-no-p2p\/","title":{"rendered":"DS-2CV2021G2-IDW | C\u00e1mara IP WIFI 2 MP Bullet exterior IR30 metros SLOT"},"content":{"rendered":"<h3>Descripci\u00f3n<\/h3>\n<p style=\"font-weight: 400;\">CAMARA HIKVISION IP WIFI 2MPX BULLET, EXIR 30M, BODY: PLASTIC FRONT&amp;BRACKET: METAL, IP67, DWDR, 1\/3&#8243; CMOS, ICR, 1920X1080:25FPS(P)\/30FPS(N),\u00a0 H.265+\/H.265\/H.264\/MJPEG, DC12V, 3D DNR, BLC (SIN POE)<\/p>\n<h3><br style=\"font-weight: 400;\" \/><b><\/b><\/h3>\n<h3>Caracter\u00edsticas<\/h3>\n<table style=\"font-weight: 400;\">\n<tbody>\n<tr>\n<td colspan=\"2\"><strong><em>Camera<\/em><\/strong><\/td>\n<\/tr>\n<tr>\n<td width=\"213\">Image Sensor<\/td>\n<td width=\"624\">1\/2.8&#8243;\u00a0Progressive Scan CMOS<\/td>\n<\/tr>\n<tr>\n<td width=\"213\">Min. Illumination<\/td>\n<td width=\"624\">Color: 0.01 Lux @ (F1.2, AGC ON), 0.028Lux @ (F2.0, AGC ON)<\/td>\n<\/tr>\n<tr>\n<td width=\"213\">Shutter Speed<\/td>\n<td width=\"624\">1\/3 s to 1\/100,000 s<\/td>\n<\/tr>\n<tr>\n<td width=\"213\">Slow Shutter<\/td>\n<td width=\"624\">Yes<\/td>\n<\/tr>\n<tr>\n<td width=\"213\">Auto-Iris<\/td>\n<td width=\"624\">No<\/td>\n<\/tr>\n<tr>\n<td width=\"213\">Day &amp; Night<\/td>\n<td width=\"624\">IR Cut Filter<\/td>\n<\/tr>\n<tr>\n<td width=\"213\">Digital Noise Reduction<\/td>\n<td width=\"624\">3D DNR<\/td>\n<\/tr>\n<tr>\n<td width=\"213\">WDR<\/td>\n<td width=\"624\">DWDR<\/td>\n<\/tr>\n<tr>\n<td width=\"213\">3-Axis Adjustment<\/td>\n<td width=\"624\">Pan: 0\u00b0 to 360\u00b0, tilt: -90\u00b0 to 90\u00b0, rotate: 0\u00b0 to 90\u00b0<\/td>\n<\/tr>\n<tr>\n<td colspan=\"2\" width=\"837\"><strong><em>Lens<\/em><\/strong><\/td>\n<\/tr>\n<tr>\n<td width=\"213\">Focal length<\/td>\n<td width=\"624\">2.8\/4\u00a0mm<\/td>\n<\/tr>\n<tr>\n<td width=\"213\">Aperture<\/td>\n<td width=\"624\">F2.0<\/td>\n<\/tr>\n<tr>\n<td width=\"213\">Focus<\/td>\n<td width=\"624\">Fixed<\/td>\n<\/tr>\n<tr>\n<td width=\"213\">FOV<\/td>\n<td width=\"624\">2.8 mm, horizontal FOV: 114.5\u00b0, vertical FOV: 62\u00b0,\u00a0diagonal FOV: 135.5\u00b0<\/p>\n<p>4 mm, horizontal FOV: 86\u00b0, vertical FOV: 46.5\u00b0,\u00a0diagonal FOV: 102.5\u00b0<\/td>\n<\/tr>\n<tr>\n<td width=\"213\">Lens Mount<\/td>\n<td width=\"624\">M12<\/td>\n<\/tr>\n<tr>\n<td width=\"213\"><strong><em>IR<\/em><\/strong><\/td>\n<td width=\"624\"><\/td>\n<\/tr>\n<tr>\n<td width=\"213\">IR Range<\/td>\n<td width=\"624\">Up to 30 m<\/td>\n<\/tr>\n<tr>\n<td width=\"213\">Wavelength<\/td>\n<td width=\"624\">850 nm<\/td>\n<\/tr>\n<tr>\n<td width=\"213\"><strong><em>Compression Standard<\/em><\/strong><\/td>\n<td width=\"624\"><\/td>\n<\/tr>\n<tr>\n<td width=\"213\">Video Compression<\/td>\n<td width=\"624\">Main stream: H.264<\/p>\n<p>Sub-stream: H.264, MJPEG<\/td>\n<\/tr>\n<tr>\n<td width=\"213\">H.264 Type<\/td>\n<td width=\"624\">Baseline Profile\/Main Profile<\/td>\n<\/tr>\n<tr>\n<td width=\"213\">H.264+<\/td>\n<td width=\"624\">Main stream supports<\/td>\n<\/tr>\n<tr>\n<td width=\"213\">H.265 Type<\/td>\n<td width=\"624\">No<\/td>\n<\/tr>\n<tr>\n<td width=\"213\">H.265+<\/td>\n<td width=\"624\">No<\/td>\n<\/tr>\n<tr>\n<td width=\"213\">Video Bit Rate<\/td>\n<td width=\"624\">32 Kbps to 8 Mbps<\/td>\n<\/tr>\n<tr>\n<td width=\"213\">Audio Compression<\/td>\n<td width=\"624\">G.711\/G.722.1\/G.726\/MP2L2\/PCM<\/td>\n<\/tr>\n<tr>\n<td width=\"213\">Audio Bit Rate<\/td>\n<td width=\"624\">64Kbps(G.711)\/16Kbps(G.722.1)\/16Kbps(G.726)\/32 to 160Kbps(MP2L2)<\/td>\n<\/tr>\n<tr>\n<td colspan=\"2\"><strong><em>Image<\/em><\/strong><\/td>\n<\/tr>\n<tr>\n<td width=\"213\">Max. Resolution<\/td>\n<td width=\"624\">1920 \u00d7 1080<\/td>\n<\/tr>\n<tr>\n<td width=\"213\">Main Stream<\/td>\n<td width=\"624\">50Hz: 25fps (1920 \u00d7 1080, 1280 \u00d7 960, 1280 \u00d7 720)<\/p>\n<p>60Hz: 30fps (1920 \u00d7 1080, 1280 \u00d7 960, 1280 \u00d7 720)<\/td>\n<\/tr>\n<tr>\n<td width=\"213\">Sub Stream<\/td>\n<td width=\"624\">50Hz: 25fps (640 \u00d7 480, 640 \u00d7 360, 320 \u00d7 240)<\/p>\n<p>60Hz: 30fps (640 \u00d7 480, 640 \u00d7 360, 320 \u00d7 240)<\/td>\n<\/tr>\n<tr>\n<td width=\"213\">Image Setting<\/td>\n<td width=\"624\">Rotate mode, saturation, brightness, contrast, sharpness, AGC, white balance adjustable by client software or web browser<\/td>\n<\/tr>\n<tr>\n<td width=\"213\">Image Enhancement<\/td>\n<td width=\"624\">BLC, 3D DNR<\/td>\n<\/tr>\n<\/tbody>\n<\/table>\n<h3><br style=\"font-weight: 400;\" \/><b><\/b><\/h3>\n<h3>Soporte<\/h3>\n<p style=\"font-weight: 400;\">3 A\u00d1OS DE GARANT\u00cdA en todos los productos Hikvision, ofrecida por el fabricante, contra defectos de fabricaci\u00f3n y\/o vicios del material que afecten al normal funcionamiento del mismo.<\/p>\n","protected":false},"excerpt":{"rendered":"<p>Descripci\u00f3n CAMARA HIKVISION IP WIFI 2MPX BULLET, EXIR 30M, BODY: PLASTIC FRONT&amp;BRACKET: METAL, IP67, DWDR, 1\/3&#8243; CMOS, ICR, 1920X1080:25FPS(P)\/30FPS(N),\u00a0 H.265+\/H.265\/H.264\/MJPEG, DC12V, 3D DNR, BLC (SIN POE) Caracter\u00edsticas Camera Image Sensor 1\/2.8&#8243;\u00a0Progressive Scan CMOS Min. Illumination Color: 0.01 Lux @ (F1.2, AGC ON), 0.028Lux @ (F2.0, AGC ON) Shutter Speed 1\/3 s to 1\/100,000 s Slow [&hellip;]<\/p>\n","protected":false},"featured_media":5179,"comment_status":"closed","ping_status":"closed","template":"","meta":{"_acf_changed":false},"product_cat":[308],"product_tag":[],"acf":[],"aioseo_notices":[],"jetpack_sharing_enabled":true,"_links":{"self":[{"href":"https:\/\/www.estudiotecno.com.ar\/tienda\/wp-json\/wp\/v2\/product\/2647"}],"collection":[{"href":"https:\/\/www.estudiotecno.com.ar\/tienda\/wp-json\/wp\/v2\/product"}],"about":[{"href":"https:\/\/www.estudiotecno.com.ar\/tienda\/wp-json\/wp\/v2\/types\/product"}],"replies":[{"embeddable":true,"href":"https:\/\/www.estudiotecno.com.ar\/tienda\/wp-json\/wp\/v2\/comments?post=2647"}],"wp:featuredmedia":[{"embeddable":true,"href":"https:\/\/www.estudiotecno.com.ar\/tienda\/wp-json\/wp\/v2\/media\/5179"}],"wp:attachment":[{"href":"https:\/\/www.estudiotecno.com.ar\/tienda\/wp-json\/wp\/v2\/media?parent=2647"}],"wp:term":[{"taxonomy":"product_cat","embeddable":true,"href":"https:\/\/www.estudiotecno.com.ar\/tienda\/wp-json\/wp\/v2\/product_cat?post=2647"},{"taxonomy":"product_tag","embeddable":true,"href":"https:\/\/www.estudiotecno.com.ar\/tienda\/wp-json\/wp\/v2\/product_tag?post=2647"}],"curies":[{"name":"wp","href":"https:\/\/api.w.org\/{rel}","templated":true}]}}