{"id":2632,"date":"2021-04-20T18:48:07","date_gmt":"2021-04-20T21:48:07","guid":{"rendered":"https:\/\/www.estudiotecno.com.ar\/tienda\/?post_type=product&#038;p=2632"},"modified":"2025-09-03T13:03:22","modified_gmt":"2025-09-03T16:03:22","slug":"ds-2ce76d0t-exipf-1080p-2mpx-camara-mini-domo-plastica","status":"publish","type":"product","link":"https:\/\/www.estudiotecno.com.ar\/tienda\/producto\/ds-2ce76d0t-exipf-1080p-2mpx-camara-mini-domo-plastica\/","title":{"rendered":"DS-2CE76D0T-EXIPF | 1080P 2MPX | C\u00e1mara Mini-Domo pl\u00e1stica"},"content":{"rendered":"<p>C\u00e1mara Hikvision EXIR Domo de 2MP, con lente fijo de 2,8mm. Carcasa pl\u00e1stica. Soporta los est\u00e1ndares, HD-TVI, AHD, HD-CVI y CVBS.<\/p>\n<p>IP66. Iluminaci\u00f3n IR de hasta 20M.<\/p>\n","protected":false},"excerpt":{"rendered":"<p>C\u00e1mara Hikvision 1080p 2MPX DS-2CE56D0T-IPF Pl\u00e1stica<\/p>\n","protected":false},"featured_media":6883,"comment_status":"closed","ping_status":"closed","template":"","meta":{"_acf_changed":false},"product_cat":[361,304,134,94],"product_tag":[],"acf":[],"aioseo_notices":[],"jetpack_sharing_enabled":true,"_links":{"self":[{"href":"https:\/\/www.estudiotecno.com.ar\/tienda\/wp-json\/wp\/v2\/product\/2632"}],"collection":[{"href":"https:\/\/www.estudiotecno.com.ar\/tienda\/wp-json\/wp\/v2\/product"}],"about":[{"href":"https:\/\/www.estudiotecno.com.ar\/tienda\/wp-json\/wp\/v2\/types\/product"}],"replies":[{"embeddable":true,"href":"https:\/\/www.estudiotecno.com.ar\/tienda\/wp-json\/wp\/v2\/comments?post=2632"}],"wp:featuredmedia":[{"embeddable":true,"href":"https:\/\/www.estudiotecno.com.ar\/tienda\/wp-json\/wp\/v2\/media\/6883"}],"wp:attachment":[{"href":"https:\/\/www.estudiotecno.com.ar\/tienda\/wp-json\/wp\/v2\/media?parent=2632"}],"wp:term":[{"taxonomy":"product_cat","embeddable":true,"href":"https:\/\/www.estudiotecno.com.ar\/tienda\/wp-json\/wp\/v2\/product_cat?post=2632"},{"taxonomy":"product_tag","embeddable":true,"href":"https:\/\/www.estudiotecno.com.ar\/tienda\/wp-json\/wp\/v2\/product_tag?post=2632"}],"curies":[{"name":"wp","href":"https:\/\/api.w.org\/{rel}","templated":true}]}}