{"id":2595,"date":"2021-04-11T19:20:29","date_gmt":"2021-04-11T22:20:29","guid":{"rendered":"https:\/\/www.estudiotecno.com.ar\/tienda\/?post_type=product&#038;p=2595"},"modified":"2025-09-03T13:03:14","modified_gmt":"2025-09-03T16:03:14","slug":"balun-hikvision-ds-1h18s-eb","status":"publish","type":"product","link":"https:\/\/www.estudiotecno.com.ar\/tienda\/producto\/balun-hikvision-ds-1h18s-eb\/","title":{"rendered":"BALUN HIKVISION"},"content":{"rendered":"<p>Descripci\u00f3n<br \/>\nBALUN HIKVISION. MULTINORMA TVI AHD CVI Y ANALOGICO HD Y FULL HD CALIDAD PREMIUM \/\/ ORIGEN CHINA CCTV<\/p>\n<p>Caracter\u00edsticas<\/p>\n<p>&#8211; Protecci\u00f3n contra sobretensi\u00f3n.<br \/>\n&#8211; Terminales de cable de compresi\u00f3n flexible, m\u00e1s practico para instalar.<br \/>\n&#8211; Resoluci\u00f3n 720p\/1080p\/3MP\/4MP\/5MP.<br \/>\n&#8211; Distancia de transmisi\u00f3n de se\u00f1al a trav\u00e9s de CAT 5e o CAT 6, 200 metros 3MP\/4MP\/5MP, 250 metros 1080p, 300 metros 720p, seg\u00fan especificaci\u00f3n del producto.<br \/>\n&#8211; Compatible con formatos HDTVI\/HDCVI\/AHD<br \/>\n&#8211; Encastre para ordenar la instalaci\u00f3n.<br \/>\n&#8211; Menor tasa de RMA del mercado.<br \/>\n&#8211; La mejorar calidad del mercado.<\/p>\n","protected":false},"excerpt":{"rendered":"<p>C\u00e1mara Hikvision 1080p 2MPx DS-2CE56D0T-IF mini domo Metal+Plastico<\/p>\n","protected":false},"featured_media":5195,"comment_status":"closed","ping_status":"closed","template":"","meta":{"_acf_changed":false},"product_cat":[368,106,134,94],"product_tag":[],"acf":[],"aioseo_notices":[],"jetpack_sharing_enabled":true,"_links":{"self":[{"href":"https:\/\/www.estudiotecno.com.ar\/tienda\/wp-json\/wp\/v2\/product\/2595"}],"collection":[{"href":"https:\/\/www.estudiotecno.com.ar\/tienda\/wp-json\/wp\/v2\/product"}],"about":[{"href":"https:\/\/www.estudiotecno.com.ar\/tienda\/wp-json\/wp\/v2\/types\/product"}],"replies":[{"embeddable":true,"href":"https:\/\/www.estudiotecno.com.ar\/tienda\/wp-json\/wp\/v2\/comments?post=2595"}],"wp:featuredmedia":[{"embeddable":true,"href":"https:\/\/www.estudiotecno.com.ar\/tienda\/wp-json\/wp\/v2\/media\/5195"}],"wp:attachment":[{"href":"https:\/\/www.estudiotecno.com.ar\/tienda\/wp-json\/wp\/v2\/media?parent=2595"}],"wp:term":[{"taxonomy":"product_cat","embeddable":true,"href":"https:\/\/www.estudiotecno.com.ar\/tienda\/wp-json\/wp\/v2\/product_cat?post=2595"},{"taxonomy":"product_tag","embeddable":true,"href":"https:\/\/www.estudiotecno.com.ar\/tienda\/wp-json\/wp\/v2\/product_tag?post=2595"}],"curies":[{"name":"wp","href":"https:\/\/api.w.org\/{rel}","templated":true}]}}