{"id":2578,"date":"2021-04-11T18:42:41","date_gmt":"2021-04-11T21:42:41","guid":{"rendered":"https:\/\/www.estudiotecno.com.ar\/tienda\/?post_type=product&#038;p=2578"},"modified":"2025-09-03T13:03:07","modified_gmt":"2025-09-03T16:03:07","slug":"disco-seagate-1tb","status":"publish","type":"product","link":"https:\/\/www.estudiotecno.com.ar\/tienda\/producto\/disco-seagate-1tb\/","title":{"rendered":"Disco HDD para seguridad 1Tb"},"content":{"rendered":"<p>Descripci\u00f3n<br \/>\nDisco r\u00edgido SERIAL-ATA SEAGATE. Serie SKYHAWK para video-vigilancia. Capacidad de almacenamiento de 1TB. 64MB de cache. Tasa maxima de transferencia sostenida de 180MB\/s. Consumo promedio de 5.6 W. Garant\u00eda de 3 a\u00f1os.<\/p>\n<p>Caracter\u00edsticas<br \/>\n&#8211; El firmware ImagePerfect\u0099 est\u00e1 dise\u00f1ado para garantizar tomas de video fluidas en operaciones de seguridad las 24 horas que graban video desde 64 c\u00e1maras de alta definici\u00f3n.<\/p>\n<p>&#8211; SkyHawk Health Management ayuda a proteger activamente el almacenamiento de sus sistemas de seguridad al centrarse en opciones de prevenci\u00f3n, intervenci\u00f3n y recuperaci\u00f3n. 2<br \/>\n&#8211; Su dise\u00f1o habilitado para sistemas NVR permite que las unidades mantengan su rendimiento en sistemas de m\u00faltiples bah\u00edas, lo cual les brinda a los clientes la flexibilidad para expandir sus sistemas cuando necesitan m\u00e1s espacio de almacenamiento.<br \/>\n&#8211; La compatibilidad con transmisi\u00f3n continua ATA sostiene grabaciones de hasta 64 c\u00e1maras de alta definici\u00f3n para un video n\u00edtido e ininterrumpido.<br \/>\n&#8211; Con la capacidad de almacenamiento de video en alta definici\u00f3n, la soluci\u00f3n admite un mayor n\u00famero de c\u00e1maras y ayuda a garantizar que se cumpla con los periodos de conservaci\u00f3n de datos m\u00e1s largos.<br \/>\n&#8211; Su MTBF de un mill\u00f3n de horas y garant\u00eda limitada de tres a\u00f1os 3 representa un costo total de propiedad (CTP) mejorado con menores costos de mantenimiento.<br \/>\n&#8211; Su menor consumo de energ\u00eda implica una reducci\u00f3n en las emisiones de calor, lo cual mejora la fiabilidad en las soluciones de vigilancia. Los componentes resistentes a manchas ayudan a proteger la unidad de las inclemencias del tiempo, lo cual incrementa su fiabilidad en el campo.<\/p>\n<p>Soporte<br \/>\n3 a\u00f1os de garant\u00eda ofrecida por el fabricante, contra defectos de fabricaci\u00f3n y\/o vicios del material que afecten al normal funcionamiento del mismo.<\/p>\n","protected":false},"excerpt":{"rendered":"<p>WD10PURX<\/p>\n","protected":false},"featured_media":6872,"comment_status":"closed","ping_status":"closed","template":"","meta":{"_acf_changed":false},"product_cat":[367,281,93,89,306],"product_tag":[],"acf":[],"aioseo_notices":[],"jetpack_sharing_enabled":true,"_links":{"self":[{"href":"https:\/\/www.estudiotecno.com.ar\/tienda\/wp-json\/wp\/v2\/product\/2578"}],"collection":[{"href":"https:\/\/www.estudiotecno.com.ar\/tienda\/wp-json\/wp\/v2\/product"}],"about":[{"href":"https:\/\/www.estudiotecno.com.ar\/tienda\/wp-json\/wp\/v2\/types\/product"}],"replies":[{"embeddable":true,"href":"https:\/\/www.estudiotecno.com.ar\/tienda\/wp-json\/wp\/v2\/comments?post=2578"}],"wp:featuredmedia":[{"embeddable":true,"href":"https:\/\/www.estudiotecno.com.ar\/tienda\/wp-json\/wp\/v2\/media\/6872"}],"wp:attachment":[{"href":"https:\/\/www.estudiotecno.com.ar\/tienda\/wp-json\/wp\/v2\/media?parent=2578"}],"wp:term":[{"taxonomy":"product_cat","embeddable":true,"href":"https:\/\/www.estudiotecno.com.ar\/tienda\/wp-json\/wp\/v2\/product_cat?post=2578"},{"taxonomy":"product_tag","embeddable":true,"href":"https:\/\/www.estudiotecno.com.ar\/tienda\/wp-json\/wp\/v2\/product_tag?post=2578"}],"curies":[{"name":"wp","href":"https:\/\/api.w.org\/{rel}","templated":true}]}}