{"id":2551,"date":"2021-04-11T16:23:47","date_gmt":"2021-04-11T19:23:47","guid":{"rendered":"https:\/\/www.estudiotecno.com.ar\/tienda\/?post_type=product&#038;p=2551"},"modified":"2025-09-03T13:03:57","modified_gmt":"2025-09-03T16:03:57","slug":"ds-7216hghi-k1-dvr-turbo-hd-720p-16-canales-2-ip-y-1080p-lite","status":"publish","type":"product","link":"https:\/\/www.estudiotecno.com.ar\/tienda\/producto\/ds-7216hghi-k1-dvr-turbo-hd-720p-16-canales-2-ip-y-1080p-lite\/","title":{"rendered":"DS-7216HGHI-M| o K1 | DVR TURBO HD 720p 16 canales + 2 IP y 1080p Lite"},"content":{"rendered":"<p><strong>Descripci\u00f3n<\/strong><br \/>\nDVR HIKVISION HD 1080P LITE 16CH+2IP, H265+, 1 HDD HASTA 6TB. SOPORTA HD TVI + AHD + CVBS + IP 720P. RESOLUCI\u00d3N DE GRABACI\u00d3N M\u00c1XIMA DE 1080P LITE A TIEMPO REAL. GRABACI\u00d3N H.265 +. DUAL-STREAM. SALIDAS DE VIDEO: VGA Y HDMI (VGA Y HDMI HASTA 1920X1080). SOPORTA X1 HDD DE HASTA 6TB. X1 ENTRADA DE AUDIO, X1 SALIDA DE AUDIO. X2 USB 2.0, X1 RJ-45 LAN 10\/100. 32 CONEXIONES EN SIMULT\u00c1NEO. INCLUYE FUENTE EXTERNA, 12 VDC\/2A. ADMITE HIK CONNECT CLOUD DE HIKVISION.<\/p>\n<p><strong>Caracter\u00edsticas<\/strong><br \/>\nVideo\/Audio Input<br \/>\n&#8211; Audio Input: 1-ch<br \/>\n&#8211; Video Compression: H.264,H.264+\/H265,H265+<br \/>\n&#8211; Analog and HD-TVI video input: 16-ch BNC interface (1.0Vp-p, 75 \u03a9)<br \/>\nSupported camera types: Support HDTVI input: 1080P\/25Hz, 1080P\/30Hz, 720P\/25Hz, 720P\/30Hz,<br \/>\nSupport AHD input: 720P\/25Hz, 720P\/30Hz,<br \/>\nsupport CVBS input<br \/>\n&#8211; IP Video Input: 2-ch Up to 2MP resolution<br \/>\n&#8211; Audio Compression: G.711u<br \/>\n&#8211; Audio Input Interface: RCA (2.0 Vp-p, 1 k\u03a9)<br \/>\n&#8211; Two-way Audio: 1-ch, RCA (2.0 Vp-p, 1 K\u03a9) (using audio input)<br \/>\nVideo\/Audio Output<br \/>\n&#8211; HDMI\/VGA Output: 1920 \u00d7 1080 \/ 60 Hz,1280 \u00d7 1024 \/ 60 Hz, 1280 \u00d7 720 \/ 60 Hz, 1024 \u00d7 768 \/ 60 Hz<br \/>\n&#8211; Recording resolution: When 1080p Lite mode not enabled: 720p\/WD1\/4CIF\/VGA\/CIF;<br \/>\nWhen 1080p Lite mode enabled: 1080p lite\/720p\/WD1\/4CIF\/VGA\/CIF<br \/>\n&#8211; Frame Rate: Main stream:<br \/>\nWhen 1080p Lite mode not enabled:<br \/>\nFor 720p stream access: 720p\/WD1\/4CIF\/VGA\/CIF@25fps (P)\/30fps (N)<br \/>\nWhen 1080p Lite mode enabled:<br \/>\n1080p lite\/720p\/WD1\/4CIF\/VGA\/CIF@25fps (P)\/30fps (N)<br \/>\n&#8211; Video Bit Rate: 32 Kbps ~ 4 Mbps<br \/>\n&#8211; Stream Type: Video\/Video&amp;Audio<br \/>\n&#8211; Audio Output: 1-ch RCA(Linear, 1k\u03a9)<br \/>\n&#8211; Audio Bit Rate: 64kbps<br \/>\n&#8211; Dual Stream: Support<br \/>\n&#8211; Playback Resolution: 1080p lite\/720p\/WD1\/4CIF\/VGA\/CIF<br \/>\n&#8211; Synchronous Playback: 16-ch<br \/>\nNetwork management<br \/>\n&#8211; Remote connections: 128<br \/>\n&#8211; Network protocols: TCP\/IP, PPPoE, DHCP, Hik Cloud P2P, DNS, DDNS, NTP, SADP, SMTP, NFS, iSCSI, UPnP\u0099, HTTPS<br \/>\nHard Disk Driver<br \/>\n&#8211; Interface Type: 1 SATA Interface<br \/>\n&#8211; Capacity: Up to 6 TB capacity for each disk<br \/>\nExternal Interface<br \/>\n&#8211; Network Interface: 1; 10M \/ 100M self-adaptive Ethernet interface<br \/>\n&#8211; USB Interface: 2 USB 2.0 Interfaces<br \/>\nGeneral<br \/>\n&#8211; Power Supply: 12V DC<br \/>\n&#8211; Consumption: \u2264 20W(without hard disks)<br \/>\n&#8211; Working Temperature: -10 \u00baC ~+55 \u00baC (14 \u00baF ~ 131 \u00baF)<br \/>\n&#8211; Working Humidity: 10% ~ 90%<br \/>\n&#8211; Chassis: 1U chassis<br \/>\n&#8211; Dimensions: 260 \u00d7 222 \u00d7 45mm (10.2 \u00d7 8.7 \u00d7 1.8 inch)<br \/>\n&#8211; Weight: \u2264 1.2 Kg (2.6 lb) (without hard disks)<\/p>\n<p><strong>Soporte<\/strong><br \/>\n3 A\u00d1OS DE GARANT\u00cdA en todos los productos Hikvision, ofrecida por el fabricante, contra defectos de fabricaci\u00f3n y\/o vicios del material que afecten al normal funcionamiento del mismo.<\/p>\n","protected":false},"excerpt":{"rendered":"<p>248.64<\/p>\n","protected":false},"featured_media":6855,"comment_status":"closed","ping_status":"closed","template":"","meta":{"_acf_changed":false},"product_cat":[359,305,134,94],"product_tag":[],"acf":[],"aioseo_notices":[],"jetpack_sharing_enabled":true,"_links":{"self":[{"href":"https:\/\/www.estudiotecno.com.ar\/tienda\/wp-json\/wp\/v2\/product\/2551"}],"collection":[{"href":"https:\/\/www.estudiotecno.com.ar\/tienda\/wp-json\/wp\/v2\/product"}],"about":[{"href":"https:\/\/www.estudiotecno.com.ar\/tienda\/wp-json\/wp\/v2\/types\/product"}],"replies":[{"embeddable":true,"href":"https:\/\/www.estudiotecno.com.ar\/tienda\/wp-json\/wp\/v2\/comments?post=2551"}],"wp:featuredmedia":[{"embeddable":true,"href":"https:\/\/www.estudiotecno.com.ar\/tienda\/wp-json\/wp\/v2\/media\/6855"}],"wp:attachment":[{"href":"https:\/\/www.estudiotecno.com.ar\/tienda\/wp-json\/wp\/v2\/media?parent=2551"}],"wp:term":[{"taxonomy":"product_cat","embeddable":true,"href":"https:\/\/www.estudiotecno.com.ar\/tienda\/wp-json\/wp\/v2\/product_cat?post=2551"},{"taxonomy":"product_tag","embeddable":true,"href":"https:\/\/www.estudiotecno.com.ar\/tienda\/wp-json\/wp\/v2\/product_tag?post=2551"}],"curies":[{"name":"wp","href":"https:\/\/api.w.org\/{rel}","templated":true}]}}